-- https://www.phpmyadmin.net/
--
-- Anamakine: localhost:3306
-- Üretim Zamanı: 24 Nis 2026, 19:03:37
-- Sunucu sürümü: 10.11.14-MariaDB-cll-lve
-- PHP Sürümü: 8.4.18

START TRANSACTION;



--
-- Veritabanı: `v2_db`
--

-- --------------------------------------------------------

--
-- Tablo için tablo yapısı `alacak_verecek`
--

CREATE TABLE `alacak_verecek` (
  `id` int(11) NOT NULL,
  `siparis_urun_id` int(11) NOT NULL,
  `magaza_id` int(11) NOT NULL,
  `alacak` varchar(255) NOT NULL,
  `verecek` varchar(255) NOT NULL,
  `kesilen_komisyon` varchar(255) NOT NULL
) ENGINE=MyISAM DEFAULT CHARSET=utf8mb3 COLLATE=utf8mb3_general_ci;

--
-- Tablo döküm verisi `alacak_verecek`
--

INSERT INTO `alacak_verecek` (`id`, `siparis_urun_id`, `magaza_id`, `alacak`, `verecek`, `kesilen_komisyon`) VALUES
(1, 1, 1, '740.16', '5427.84', '12'),
(2, 3, 1, '2284.56', '16753.44', '12');

-- --------------------------------------------------------

--
-- Tablo için tablo yapısı `alt_slider`
--

CREATE TABLE `alt_slider` (
  `id` int(11) NOT NULL,
  `link` varchar(255) NOT NULL,
  `img` varchar(255) NOT NULL,
  `sira` int(11) NOT NULL
) ENGINE=MyISAM DEFAULT CHARSET=utf8mb3 COLLATE=utf8mb3_general_ci;

--
-- Tablo döküm verisi `alt_slider`
--

INSERT INTO `alt_slider` (`id`, `link`, `img`, `sira`) VALUES
(1, '#', '1613491201-602bec01a0fd2.png', 1),
(2, '#', '1613491213-602bec0ddbce4.png', 2);

-- --------------------------------------------------------

--
-- Tablo için tablo yapısı `anasayfa_tab_menu`
--

CREATE TABLE `anasayfa_tab_menu` (
  `id` int(11) NOT NULL,
  `baslik` varchar(255) NOT NULL,
  `sira` int(11) NOT NULL
) ENGINE=MyISAM DEFAULT CHARSET=utf8mb3 COLLATE=utf8mb3_general_ci;

--
-- Tablo döküm verisi `anasayfa_tab_menu`
--

INSERT INTO `anasayfa_tab_menu` (`id`, `baslik`, `sira`) VALUES
(1, 'YENİ GELENLER', 999),
(2, 'POPÜLER', 999),
(3, 'İNDİRİMDEKİ ÜRÜNLER', 999),
(4, 'FIRSAT ÜRÜNLERİ', 999),
(5, 'EDİTÖRÜN SEÇİMİ', 999);

-- --------------------------------------------------------

--
-- Tablo için tablo yapısı `anasayfa_tab_menu_urun`
--

CREATE TABLE `anasayfa_tab_menu_urun` (
  `id` int(11) NOT NULL,
  `anasayfa_tab_menu_id` int(11) NOT NULL,
  `urun_id` int(11) NOT NULL,
  `sira` int(11) NOT NULL,
  `baslangic_tarihi` varchar(255) NOT NULL,
  `bitis_tarihi` varchar(255) NOT NULL
) ENGINE=MyISAM DEFAULT CHARSET=utf8mb3 COLLATE=utf8mb3_general_ci;

--
-- Tablo döküm verisi `anasayfa_tab_menu_urun`
--

INSERT INTO `anasayfa_tab_menu_urun` (`id`, `anasayfa_tab_menu_id`, `urun_id`, `sira`, `baslangic_tarihi`, `bitis_tarihi`) VALUES
(1, 1, 1, 2, '', ''),
(2, 1, 2, 3, '', ''),
(3, 1, 3, 1, '', ''),
(4, 1, 4, 4, '', ''),
(5, 1, 5, 5, '', ''),
(6, 1, 6, 6, '', ''),
(7, 2, 12, 999, '', ''),
(37, 3, 2, 999, '', ''),
(36, 2, 4, 999, '', ''),
(10, 2, 9, 999, '', ''),
(11, 2, 8, 999, '', ''),
(12, 2, 7, 999, '', ''),
(13, 3, 6, 999, '', ''),
(14, 3, 7, 999, '', ''),
(15, 3, 1, 999, '', ''),
(16, 3, 12, 999, '', ''),
(32, 5, 7, 999, '', ''),
(18, 3, 5, 999, '', ''),
(35, 2, 11, 999, '', ''),
(20, 4, 12, 999, '', ''),
(21, 4, 2, 999, '', ''),
(22, 4, 1, 999, '', ''),
(23, 4, 8, 999, '', ''),
(24, 4, 9, 999, '', ''),
(34, 5, 8, 999, '', ''),
(26, 5, 2, 999, '', ''),
(27, 5, 4, 999, '', ''),
(33, 5, 12, 999, '', ''),
(29, 5, 6, 999, '', ''),
(38, 4, 3, 999, '', '');

-- --------------------------------------------------------

--
-- Tablo için tablo yapısı `anasayfa_vitrin`
--

CREATE TABLE `anasayfa_vitrin` (
  `id` int(11) NOT NULL,
  `baslik` varchar(255) NOT NULL,
  `sira` int(11) NOT NULL
) ENGINE=MyISAM DEFAULT CHARSET=utf8mb3 COLLATE=utf8mb3_general_ci;

--
-- Tablo döküm verisi `anasayfa_vitrin`
--

INSERT INTO `anasayfa_vitrin` (`id`, `baslik`, `sira`) VALUES
(1, 'En Çok Satanlar', 999);

-- --------------------------------------------------------

--
-- Tablo için tablo yapısı `anasayfa_vitrin_urun`
--

CREATE TABLE `anasayfa_vitrin_urun` (
  `id` int(11) NOT NULL,
  `anasayfa_vitrin_id` int(11) NOT NULL,
  `urun_id` int(11) NOT NULL,
  `sira` int(11) NOT NULL,
  `baslangic_tarihi` varchar(255) NOT NULL,
  `bitis_tarihi` varchar(255) NOT NULL
) ENGINE=MyISAM DEFAULT CHARSET=utf8mb3 COLLATE=utf8mb3_general_ci;

--
-- Tablo döküm verisi `anasayfa_vitrin_urun`
--

INSERT INTO `anasayfa_vitrin_urun` (`id`, `anasayfa_vitrin_id`, `urun_id`, `sira`, `baslangic_tarihi`, `bitis_tarihi`) VALUES
(7, 1, 5, 999, '', ''),
(2, 1, 3, 999, '', ''),
(6, 1, 2, 999, '', ''),
(5, 1, 12, 999, '', ''),
(8, 1, 10, 999, '', ''),
(9, 1, 4, 999, '', ''),
(10, 1, 11, 999, '', '');

-- --------------------------------------------------------

--
-- Tablo için tablo yapısı `banka_hesaplari`
--

CREATE TABLE `banka_hesaplari` (
  `id` int(11) NOT NULL,
  `baslik` varchar(255) NOT NULL,
  `aciklama` text NOT NULL,
  `img` varchar(255) NOT NULL
) ENGINE=MyISAM DEFAULT CHARSET=utf8mb3 COLLATE=utf8mb3_general_ci;

--
-- Tablo döküm verisi `banka_hesaplari`
--

INSERT INTO `banka_hesaplari` (`id`, `baslik`, `aciklama`, `img`) VALUES
(1, 'Türkiye Cumhuriyeti Ziraat Bankası', '<div><b>Alıcı</b>: E Ticaret Yazılımı</div><div><b>Şube</b>: İstanbul</div><div><b>Şube </b>Kodu: 0222</div><div><b>Hesap Numarası</b>: 64638645</div><div><b>IBAN</b>: TR 1213 32121312 312123122313123123123</div>', '1613493765-602bf605235ea.png'),
(2, 'ING Bank', '<div><div><span style=\"font-weight: 600;\">Alıcı</span>: E Ticaret Yazılımı</div><div><span style=\"font-weight: 600;\">Şube</span>: İstanbul</div><div><span style=\"font-weight: 600;\">Şube&nbsp;</span>Kodu: 0222</div><div><span style=\"font-weight: 600;\">Hesap Numarası</span>: 64638645</div><div><span style=\"font-weight: 600;\">IBAN</span>: TR 1213 32121312 312123122313123123123</div></div>', '1613493786-602bf61af182f.jpg');

-- --------------------------------------------------------

--
-- Tablo için tablo yapısı `blog`
--

CREATE TABLE `blog` (
  `id` int(11) NOT NULL,
  `baslik` varchar(255) NOT NULL,
  `sef` varchar(255) NOT NULL,
  `kisa_aciklama` text NOT NULL,
  `aciklama` text NOT NULL,
  `img` varchar(255) NOT NULL
) ENGINE=MyISAM DEFAULT CHARSET=utf8mb3 COLLATE=utf8mb3_general_ci;

--
-- Tablo döküm verisi `blog`
--

INSERT INTO `blog` (`id`, `baslik`, `sef`, `kisa_aciklama`, `aciklama`, `img`) VALUES
(1, 'Ziyaretçilerin sitenizden ayrılmasına neden olan durumlar', 'ziyaretcilerin-sitenizden-ayrilmasina-neden-olan-durumlar', 'Ziyaretçilerin sitenizden ayrılmasına neden olan durumlar', '<div><span style=\"color: rgb(34, 34, 34); font-family: &quot;Open Sans&quot;, sans-serif;\">E-ticaret sitenize gelen kişileri sitenizde mümkün olduğunca uzun süre tutmanız, elde edeceğiniz geri dönüşümleri artırmanıza yardımcı olacaktır. Ancak site üzerindeki bazı unsurlar ziyaretçilerin siteyi terk etmesine neden olur ve bu nedenle de hem sayfayı terk etme oranlarınız yükselir hem de bu sebeple geri dönüşümleriniz azalır. KissMetrics’in hazırladığı infografik, ziyaretçilerin web sitelerini terk etmelerine neden olan…</span><br></div>', '1613492616-602bf18870597.jpg'),
(2, 'Sitenizi mobil SEO için nasıl düzenleyebilirsiniz?', 'sitenizi-mobil-seo-icin-nasil-duzenleyebilirsiniz', 'Sitenizi mobil SEO için nasıl düzenleyebilirsiniz?', '<div><span style=\"color: rgb(34, 34, 34); font-family: &quot;Open Sans&quot;, sans-serif;\">Bir önceki yazımızda Mobil SEO’nun ve mobil öncelikli indekslemenin üzerinde detaylı bir şekilde durarak, neden bu konuya önem vermeniz gerektiği ele almıştık. Bugünkü yazımızda ise mobil SEO’nuzu geliştirmek ve arama sorgularına daha iyi yanıt verebilmek için neler yapabileceğinizin üzerinde duracağız. Sitenizin mobil aramalarda daha iyi bir performans göstermesi ve sayfa sıralamanızı geliştirmek için bir takım…</span><br></div>', '1613492876-602bf28cb7355.jpg'),
(3, 'Mobil SEO ve mobil öncelikli indeksleme ilgili bilmeniz gerekenler', 'mobil-seo-ve-mobil-oncelikli-indeksleme-ilgili-bilmeniz-gerekenler', 'Mobil SEO ve mobil öncelikli indeksleme ilgili bilmeniz gerekenler', '<div><span style=\"color: rgb(34, 34, 34); font-family: &quot;Open Sans&quot;, sans-serif;\">Mobil artık günümüzün vazgeçilmez alanlarından biri. Birkaç yıl önce mobil tasarımlara geçmenin bir avantaj olacağından bahsediyorduk; ancak kullanıcı alışkanlıklarının mobil cihazlara kayması, mobil tasarımların bir standart haline gelmesine ön ayak oldu. Mobilin bu kadar önemli bir alan olması, SEO konusunda da bazı değişikliklerin yaşanmasına neden oldu. Google 2018’de mobil öncelikli indekslemeyi duyurarak, mobil arama sorgularında…</span><br></div>', '1613492904-602bf2a88a647.jpg');

-- --------------------------------------------------------

--
-- Tablo için tablo yapısı `doping_fiyat`
--

CREATE TABLE `doping_fiyat` (
  `id` int(11) NOT NULL,
  `doping1_gunluk_fiyat` varchar(255) NOT NULL,
  `doping2_gunluk_fiyat` varchar(255) NOT NULL,
  `doping3_gunluk_fiyat` varchar(255) NOT NULL
) ENGINE=MyISAM DEFAULT CHARSET=utf8mb3 COLLATE=utf8mb3_general_ci;

--
-- Tablo döküm verisi `doping_fiyat`
--

INSERT INTO `doping_fiyat` (`id`, `doping1_gunluk_fiyat`, `doping2_gunluk_fiyat`, `doping3_gunluk_fiyat`) VALUES
(1, '1', '2', '3');

-- --------------------------------------------------------

--
-- Tablo için tablo yapısı `doping_siparis`
--

CREATE TABLE `doping_siparis` (
  `id` int(11) NOT NULL,
  `magaza_id` int(11) NOT NULL,
  `urun_id` int(11) NOT NULL,
  `doping_id` int(11) NOT NULL,
  `kac_gun` int(11) NOT NULL,
  `siparis_key` varchar(255) NOT NULL,
  `durum` int(11) NOT NULL,
  `tarih` int(11) NOT NULL,
  `odendi` int(11) NOT NULL
) ENGINE=MyISAM DEFAULT CHARSET=utf8mb3 COLLATE=utf8mb3_general_ci;

--
-- Tablo döküm verisi `doping_siparis`
--

INSERT INTO `doping_siparis` (`id`, `magaza_id`, `urun_id`, `doping_id`, `kac_gun`, `siparis_key`, `durum`, `tarih`, `odendi`) VALUES
(1, 1, 2, 1, 22, '6030bcd966ba4', 1, 1613806808, 0),
(2, 1, 3, 2, 3, '60315643f1e6c', 0, 1613846083, 0),
(3, 1, 3, 2, 3, '6031569eb7b98', 6, 1613846174, 0);

-- --------------------------------------------------------

--
-- Tablo için tablo yapısı `etiket`
--

CREATE TABLE `etiket` (
  `id` int(11) NOT NULL,
  `baslik` varchar(255) NOT NULL,
  `link` varchar(255) NOT NULL,
  `sira` int(11) NOT NULL
) ENGINE=MyISAM DEFAULT CHARSET=utf8mb3 COLLATE=utf8mb3_general_ci;

--
-- Tablo döküm verisi `etiket`
--

INSERT INTO `etiket` (`id`, `baslik`, `link`, `sira`) VALUES
(1, 'Xiaomi Mi Band 5 Akıllı Bileklik', '#', 1),
(2, 'Temizlik Seti', '#', 1),
(3, 'Çim Biçme Makinesi', '#', 1),
(4, 'Çapa Makinesi', '#', 1),
(5, 'Temizlik Seti', '#', 1),
(6, 'Akülü Araba', '#', 1),
(7, 'Mustela', '#', 1),
(8, 'Bebek Masası', '#', 1),
(9, 'Fairy', '#', 1),
(10, 'Nescafe', '#', 1),
(11, 'Para Sayma Makinesi', '#', 1),
(12, 'Ofis Koltuğu', '#', 1),
(13, 'Bulaşık Makinesi', '#', 1),
(14, 'Matkap', '#', 1),
(15, 'Çaydanlık', '#', 1),
(16, 'İşlemci', '#', 1),
(17, 'Mangal', '#', 1),
(18, 'Cep Telefonu', '#', 1),
(19, 'Klima', '#', 1),
(20, 'Tablet', '#', 1),
(21, 'Kombi', '#', 1),
(22, 'Yaz Lastiği', '#', 1),
(23, 'Led Tv', '#', 1),
(24, 'Ofis Masası', '#', 1),
(25, 'Fotokobi Kağıdı', '#', 1),
(26, 'Çamaşır Makinesi', '#', 1),
(27, 'Motor Yağı', '#', 1),
(28, 'Bot', '#', 1),
(29, 'Asio', '#', 1),
(30, 'Tunik', '#', 1),
(31, 'Gillette', '#', 1),
(32, 'Swatch', '#', 1),
(33, 'Parfüm', '#', 1),
(34, 'Cerrahi Maske', '#', 1),
(35, 'Tesettür Kombin', '#', 1),
(36, 'Çift Kombinler', '#', 1);

-- --------------------------------------------------------

--
-- Tablo için tablo yapısı `haftanin_urunleri`
--

CREATE TABLE `haftanin_urunleri` (
  `id` int(11) NOT NULL,
  `urun_id` int(11) NOT NULL,
  `sira` int(11) NOT NULL,
  `baslangic_tarihi` varchar(255) NOT NULL,
  `bitis_tarihi` varchar(255) NOT NULL
) ENGINE=MyISAM DEFAULT CHARSET=utf8mb3 COLLATE=utf8mb3_general_ci;

--
-- Tablo döküm verisi `haftanin_urunleri`
--

INSERT INTO `haftanin_urunleri` (`id`, `urun_id`, `sira`, `baslangic_tarihi`, `bitis_tarihi`) VALUES
(1, 4, 1, '', ''),
(2, 6, 2, '', ''),
(8, 11, 3, '1612174260', '1613512860');

-- --------------------------------------------------------

--
-- Tablo için tablo yapısı `iade_kosullari`
--

CREATE TABLE `iade_kosullari` (
  `id` int(11) NOT NULL,
  `aciklama` text NOT NULL
) ENGINE=MyISAM DEFAULT CHARSET=utf8mb3 COLLATE=utf8mb3_general_ci;

--
-- Tablo döküm verisi `iade_kosullari`
--

INSERT INTO `iade_kosullari` (`id`, `aciklama`) VALUES
(1, '<span style=\"color: rgb(42, 54, 67); font-family: Roboto, sans-serif;\">At vero eos et accusamus et iusto odio dignissimos ducimus qui blanditiis praesentium voluptatum deleniti atque corrupti quos dolores et quas molestias excepturi sint occaecati cupiditate non provident, similique sunt in culpa qui officia deserunt mollitia animi, id est laborum et dolorum fuga. Et harum quidem rerum facilis est et expedita distinctio. Nam libero tempore, cum soluta nobis est eligendi optio cumque nihil impedit quo minus id quod maxime placeat facere possimus, omnis voluptas assumenda est, omnis dolor repellendus. Temporibus autem quibusdam et aut officiis debitis aut rerum necessitatibus saepe eveniet ut et voluptates repudiandae sint et molestiae non recusandae. Itaque earum rerum hic tenetur a sapiente delectus, ut aut reiciendis voluptatibus maiores alias consequatur aut perferendis doloribus asperiores repellat.</span><span style=\"color: rgb(42, 54, 67); font-family: Roboto, sans-serif;\">At vero eos et accusamus et iusto odio dignissimos ducimus qui blanditiis praesentium voluptatum deleniti atque corrupti quos dolores et quas molestias excepturi sint occaecati cupiditate non provident, similique sunt in culpa qui officia deserunt mollitia animi, id est laborum et dolorum fuga. Et harum quidem rerum facilis est et expedita distinctio. Nam libero tempore, cum soluta nobis est eligendi optio cumque nihil impedit quo minus id quod maxime placeat facere possimus, omnis voluptas assumenda est, omnis dolor repellendus. Temporibus autem quibusdam et aut officiis debitis aut rerum necessitatibus saepe eveniet ut et voluptates repudiandae sint et molestiae non recusandae. Itaque earum rerum hic tenetur a sapiente delectus, ut aut reiciendis voluptatibus maiores alias consequatur aut perferendis doloribus asperiores repellat.</span>');

-- --------------------------------------------------------

--
-- Tablo için tablo yapısı `kampanya`
--

CREATE TABLE `kampanya` (
  `id` int(11) NOT NULL,
  `baslik` varchar(255) NOT NULL,
  `link` varchar(255) NOT NULL,
  `img` varchar(255) NOT NULL,
  `sira` int(11) NOT NULL
) ENGINE=MyISAM DEFAULT CHARSET=utf8mb3 COLLATE=utf8mb3_general_ci;

--
-- Tablo döküm verisi `kampanya`
--

INSERT INTO `kampanya` (`id`, `baslik`, `link`, `img`, `sira`) VALUES
(1, 'Elektronik', '#', '1613418610-602ad0724d010.jpg', 1),
(2, 'Kozmetik ve Kişisel Bakım', '#', '1613418633-602ad089ed389.jpg', 1),
(3, 'Giyim, Saat ve Takı', '#', '1613491253-602bec359d7ec.jpg', 3),
(4, 'Ev, Yaşam ve Ofis', '#', '1613491276-602bec4c4c700.jpg', 4),
(5, 'Anne, Bebek ve Oyuncak', '#', '1613491290-602bec5a0d002.jpg', 5),
(6, 'Otomotiv ve Motosiklet', '#', '1613491305-602bec691cf45.jpg', 6),
(7, 'Spor ve Outdoor', '#', '1613491319-602bec775e4ee.jpg', 7),
(8, 'Hobi, Kitap, Film ve Müzik', '#', '1613491335-602bec8782b29.jpg', 8);

-- --------------------------------------------------------

--
-- Tablo için tablo yapısı `kategori`
--

CREATE TABLE `kategori` (
  `id` int(11) NOT NULL,
  `baslik` varchar(255) NOT NULL,
  `sef` varchar(255) NOT NULL,
  `ust_kategori` int(11) NOT NULL,
  `ust_menu` tinyint(1) NOT NULL,
  `alt_menu` tinyint(1) NOT NULL,
  `aciklama` text NOT NULL,
  `kisa_aciklama` text NOT NULL,
  `sira` int(11) NOT NULL
) ENGINE=MyISAM DEFAULT CHARSET=utf8mb3 COLLATE=utf8mb3_general_ci;

--
-- Tablo döküm verisi `kategori`
--

INSERT INTO `kategori` (`id`, `baslik`, `sef`, `ust_kategori`, `ust_menu`, `alt_menu`, `aciklama`, `kisa_aciklama`, `sira`) VALUES
(1, 'Giyim & Ayakkabı', 'giyim-ayakkabi', 0, 1, 1, '<div><br></div>', 'GİYİM & AYAKKABI ', 1),
(2, 'Erkek Giyim', 'erkek-giyim', 1, 1, 1, '<div><br></div>', 'Erkek Giyim', 2),
(3, '\r\nGömlek', 'gomlek', 2, 0, 0, '', '', 3),
(4, '\r\nDış Giyimi\r\nEşofman & Sweatshirt', 'dis-giyimi-esofman-sweatshirt', 2, 0, 0, '', '', 4),
(5, '\r\nAksesuarlar', 'aksesuarlar', 2, 0, 0, '', '', 5),
(6, '\r\nTakım Elbise', 'takim-elbise', 2, 0, 0, '', '', 6),
(7, '\r\nPantolon', 'pantolon', 2, 0, 0, '', '', 7),
(8, '\r\nŞort', 'sort', 2, 0, 0, '', '', 8),
(9, '\r\nİç Giyim & Fanila', 'ic-giyim-fanila', 2, 0, 0, '', '', 9),
(11, 'Kadın Giyim', 'kadin-giyim', 1, 0, 0, '<div><br></div>', 'Kadın Giyim', 10),
(12, '\r\nDış Giyim', 'dis-giyim', 11, 0, 0, '', '', 11),
(13, '\r\nGömlek', 'gomlek', 11, 0, 0, '', '', 12),
(14, '\r\nEşofman & Sweatshirt', 'esofman-sweatshirt', 11, 0, 0, '', '', 13),
(15, '\r\nPijama Takımları', 'pijama-takimlari', 11, 0, 0, '', '', 14),
(16, '\r\nCasual Ayakkabı', 'casual-ayakkabi', 11, 0, 0, '', '', 15),
(17, '\r\nBot Modelleri', 'bot-modelleri', 11, 0, 0, '', '', 16),
(18, '\r\nGünlük Ayakkabı', 'gunluk-ayakkabi', 11, 0, 0, '', '', 17),
(20, 'Aksesuarlar', 'aksesuarlar', 1, 0, 0, '<div><br></div>', 'Aksesuarlar', 18),
(21, '\r\nKemerler', 'kemerler', 20, 0, 0, '', '', 19),
(22, '\r\nSaatler', 'saatler', 20, 0, 0, '', '', 20),
(23, '\r\nAtkı Modelleri', 'atki-modelleri', 20, 0, 0, '', '', 21),
(24, '\r\nKolye ve Künyeler', 'kolye-ve-kunyeler', 20, 0, 0, '', '', 22),
(25, '\r\nŞapkalar', 'sapkalar', 20, 0, 0, '', '', 23),
(26, '\r\nBileklikler', 'bileklikler', 20, 0, 0, '', '', 24),
(28, 'Elektronik', 'elektronik', 0, 1, 1, '<div><br></div>', 'ELEKTRONİK', 9999),
(29, 'Bilgisayar, Tablet', 'bilgisayar-tablet', 28, 0, 0, '<div><br></div>', 'Bilgisayar, Tablet', 26),
(30, '\r\nNotebook Bilgisayar', 'notebook-bilgisayar', 29, 0, 0, '', '', 27),
(31, '\r\nMasaüstü Bilgisayar', 'masaustu-bilgisayar', 29, 0, 0, '', '', 28),
(32, '\r\nBilgisayar Bileşenleri', 'bilgisayar-bilesenleri', 29, 0, 0, '', '', 29),
(33, '\r\nYazılım (Software)', 'yazilim-software', 29, 0, 0, '', '', 30),
(34, '\r\nTablet', 'tablet', 29, 0, 0, '', '', 31),
(35, '\r\nÇevre Birimleri', 'cevre-birimleri', 29, 0, 0, '', '', 32),
(37, 'Cep Telefonu', 'cep-telefonu', 28, 0, 0, '<div><br></div>', 'Cep Telefonu', 33),
(38, '\r\nAkıllı Telefonlar', 'akilli-telefonlar', 37, 0, 0, '', '', 34),
(39, '\r\nTelefon Aksesuarları', 'telefon-aksesuarlari', 37, 0, 0, '', '', 35),
(40, '\r\nCep Telefonu Yedek Parça', 'cep-telefonu-yedek-parca', 37, 0, 0, '', '', 36),
(41, '\r\nSabit Telefonlar', 'sabit-telefonlar', 37, 0, 0, '', '', 37),
(43, 'Elektrikli Ev Aletleri', 'elektrikli-ev-aletleri', 28, 0, 0, '<div><br></div>', 'Elektrikli Ev Aletleri', 38),
(44, '\r\nElektrikli Süpürge', 'elektrikli-supurge', 43, 0, 0, '', '', 39),
(45, '\r\nRobot Süpürge', 'robot-supurge', 43, 0, 0, '', '', 40),
(46, '\r\nÜtü', 'utu', 43, 0, 0, '', '', 41),
(47, ' Ütü Masası', 'utu-masasi', 43, 0, 0, '', '', 42),
(48, '\r\nBuharlı Temizleyici', 'buharli-temizleyici', 43, 0, 0, '', '', 43),
(49, '\r\nDikiş Makinesi', 'dikis-makinesi', 43, 0, 0, '', '', 44),
(50, '\r\nHalı Yıkama Makinesi', 'hali-yikama-makinesi', 43, 0, 0, '', '', 45),
(51, '\r\nVakum Makinesi', 'vakum-makinesi', 43, 0, 0, '', '', 46),
(52, '\r\nElbise Yün Temizleme Makinesi', 'elbise-yun-temizleme-makinesi', 43, 0, 0, '', '', 47),
(54, 'Ev & Yaşam', 'ev-yasam', 0, 1, 1, '<div><br></div>', 'Ev & Yaşam', 9999),
(55, 'Kişisel Bakım', 'kisisel-bakim', 0, 1, 1, '<div><br></div>', 'Kişisel Bakım', 9999),
(56, 'Spor & Outdoor', 'spor-outdoor', 0, 1, 1, '<div><br></div>', 'Spor & Outdoor', 9999),
(57, 'Emlak', 'emlak', 0, 1, 1, '<div><br></div>', 'Emlak', 9999),
(58, 'Oyun & Film', 'oyun-film', 0, 1, 1, '<div><br></div>', 'Oyun & Film', 9999),
(59, 'Otomotiv', 'otomotiv', 0, 1, 1, '<div><br></div>', 'Otomotiv', 9999),
(60, 'Sanayi Tipi Ürünler', 'sanayi-tipi-urunler', 0, 1, 1, '<div><br></div>', 'Sanayi Tipi Ürünler', 9999);

-- --------------------------------------------------------

--
-- Tablo için tablo yapısı `magaza_kategori`
--

CREATE TABLE `magaza_kategori` (
  `id` int(11) NOT NULL,
  `magaza_id` int(11) NOT NULL,
  `kategori_id` int(11) NOT NULL
) ENGINE=MyISAM DEFAULT CHARSET=utf8mb3 COLLATE=utf8mb3_general_ci;

--
-- Tablo döküm verisi `magaza_kategori`
--

INSERT INTO `magaza_kategori` (`id`, `magaza_id`, `kategori_id`) VALUES
(41, 1, 17),
(40, 1, 15),
(39, 1, 14),
(38, 1, 13),
(37, 1, 11),
(36, 1, 9),
(35, 1, 8),
(34, 1, 7),
(33, 1, 6),
(32, 1, 5),
(31, 1, 4),
(30, 1, 3),
(29, 1, 2),
(28, 1, 1),
(42, 2, 1),
(43, 2, 3),
(44, 2, 5),
(45, 2, 9),
(46, 2, 12),
(47, 3, 1),
(48, 3, 8),
(49, 4, 1),
(50, 4, 3),
(51, 4, 5),
(52, 4, 7),
(53, 4, 9),
(54, 5, 1),
(55, 5, 3),
(56, 5, 5),
(57, 5, 7),
(58, 5, 9),
(59, 5, 12),
(60, 6, 1),
(61, 6, 3),
(62, 6, 5),
(63, 6, 7),
(64, 6, 9),
(65, 6, 12);

-- --------------------------------------------------------

--
-- Tablo için tablo yapısı `magaza_odemeleri`
--

CREATE TABLE `magaza_odemeleri` (
  `id` int(11) NOT NULL,
  `magaza_id` int(11) NOT NULL,
  `odeme` varchar(255) NOT NULL,
  `tarih` int(11) NOT NULL
) ENGINE=MyISAM DEFAULT CHARSET=utf8mb3 COLLATE=utf8mb3_general_ci;

--
-- Tablo döküm verisi `magaza_odemeleri`
--

INSERT INTO `magaza_odemeleri` (`id`, `magaza_id`, `odeme`, `tarih`) VALUES
(1, 1, '123', 1688381372);

-- --------------------------------------------------------

--
-- Tablo için tablo yapısı `magaza_sorulari`
--

CREATE TABLE `magaza_sorulari` (
  `id` int(11) NOT NULL,
  `kullanici_id` int(11) NOT NULL,
  `magaza_id` int(11) NOT NULL,
  `konu` varchar(255) NOT NULL,
  `tarih` int(11) NOT NULL,
  `okundu` int(11) NOT NULL
) ENGINE=MyISAM DEFAULT CHARSET=utf8mb3 COLLATE=utf8mb3_general_ci;

--
-- Tablo döküm verisi `magaza_sorulari`
--

INSERT INTO `magaza_sorulari` (`id`, `kullanici_id`, `magaza_id`, `konu`, `tarih`, `okundu`) VALUES
(1, 1, 1, 'Ürünü kaç günde kargoya veriyorsunuz?', 1613960874, 0),
(2, 12, 1, 'Gghhhbghhhhhhhjjkkfff gghhhjj', 1692341901, 0);

-- --------------------------------------------------------

--
-- Tablo için tablo yapısı `magaza_sorulari_cevap`
--

CREATE TABLE `magaza_sorulari_cevap` (
  `id` int(11) NOT NULL,
  `magaza_sorulari_id` int(11) NOT NULL,
  `kullanici_id` int(11) NOT NULL,
  `magaza_id` int(11) NOT NULL,
  `cevap` text NOT NULL,
  `tarih` int(11) NOT NULL
) ENGINE=MyISAM DEFAULT CHARSET=utf8mb3 COLLATE=utf8mb3_general_ci;

--
-- Tablo döküm verisi `magaza_sorulari_cevap`
--

INSERT INTO `magaza_sorulari_cevap` (`id`, `magaza_sorulari_id`, `kullanici_id`, `magaza_id`, `cevap`, `tarih`) VALUES
(1, 1, 1, 1, '<div>bilgi verir misiniz?</div>', 1613960874),
(2, 1, 1, 1, '<div>bilgi bekliyorum.....</div>', 1613961019),
(3, 2, 12, 1, '', 1692341901);

-- --------------------------------------------------------

--
-- Tablo için tablo yapısı `magaza_yonetici_mesaj`
--

CREATE TABLE `magaza_yonetici_mesaj` (
  `id` int(11) NOT NULL,
  `magaza_id` int(11) NOT NULL,
  `konu` varchar(255) NOT NULL,
  `okundu` tinyint(1) NOT NULL,
  `tarih` int(11) NOT NULL
) ENGINE=MyISAM DEFAULT CHARSET=utf8mb3 COLLATE=utf8mb3_general_ci;

--
-- Tablo döküm verisi `magaza_yonetici_mesaj`
--

INSERT INTO `magaza_yonetici_mesaj` (`id`, `magaza_id`, `konu`, `okundu`, `tarih`) VALUES
(1, 1, 'Komisyon Oranı Düşürülsün!', 0, 1613707307);

-- --------------------------------------------------------

--
-- Tablo için tablo yapısı `magaza_yonetici_mesaj_cevap`
--

CREATE TABLE `magaza_yonetici_mesaj_cevap` (
  `id` int(11) NOT NULL,
  `magaza_yonetici_mesaj_id` int(11) NOT NULL,
  `kim` int(11) NOT NULL,
  `cevap` text NOT NULL,
  `tarih` int(11) NOT NULL
) ENGINE=MyISAM DEFAULT CHARSET=utf8mb3 COLLATE=utf8mb3_general_ci;

--
-- Tablo döküm verisi `magaza_yonetici_mesaj_cevap`
--

INSERT INTO `magaza_yonetici_mesaj_cevap` (`id`, `magaza_yonetici_mesaj_id`, `kim`, `cevap`, `tarih`) VALUES
(1, 1, 1, '<div>site çok iyi fakat komisyonlar çok yüksek lütfen komisyonları düşürün.</div>', 1613707307),
(2, 1, 0, '<div>tamamdır komisyonlar düşürüldü.</div>', 1613707347),
(3, 1, 1, 'Çok teşekkür ederim', 1613707388);

-- --------------------------------------------------------

--
-- Tablo için tablo yapısı `marka`
--

CREATE TABLE `marka` (
  `id` int(11) NOT NULL,
  `baslik` varchar(255) NOT NULL,
  `img` varchar(255) NOT NULL,
  `anasayfa` tinyint(1) NOT NULL
) ENGINE=MyISAM DEFAULT CHARSET=utf8mb3 COLLATE=utf8mb3_general_ci;

--
-- Tablo döküm verisi `marka`
--

INSERT INTO `marka` (`id`, `baslik`, `img`, `anasayfa`) VALUES
(1, 'Adidas', '1613382405-602a43052946c.png', 1),
(2, 'Braun', '1613382416-602a43102fb56.png', 1),
(3, 'Samsung', '1613382426-602a431a09503.png', 1),
(4, 'Karaca', '1613382435-602a4323868a9.png', 1),
(5, 'Apple', '1613382445-602a432d35bff.png', 1),
(6, 'Loreal', '1613382453-602a4335cf98e.png', 1),
(7, 'Jbl', '1613382465-602a4341ce7db.png', 1),
(8, 'Asus', '1613382475-602a434b22eb0.png', 1);

-- --------------------------------------------------------

--
-- Tablo için tablo yapısı `odeme_yontemleri`
--

CREATE TABLE `odeme_yontemleri` (
  `id` int(11) NOT NULL,
  `online_odeme` tinyint(1) NOT NULL,
  `banka_havalesi` tinyint(1) NOT NULL,
  `kapida_nakit` tinyint(1) NOT NULL,
  `kapida_kredi_karti` tinyint(1) NOT NULL,
  `sanal_pos` tinyint(1) NOT NULL
) ENGINE=MyISAM DEFAULT CHARSET=utf8mb3 COLLATE=utf8mb3_general_ci;

--
-- Tablo döküm verisi `odeme_yontemleri`
--

INSERT INTO `odeme_yontemleri` (`id`, `online_odeme`, `banka_havalesi`, `kapida_nakit`, `kapida_kredi_karti`, `sanal_pos`) VALUES
(1, 1, 1, 1, 1, 1);

-- --------------------------------------------------------

--
-- Tablo için tablo yapısı `populer_urunler`
--

CREATE TABLE `populer_urunler` (
  `id` int(11) NOT NULL,
  `urun_id` int(11) NOT NULL,
  `baslangic_tarihi` varchar(255) NOT NULL,
  `bitis_tarihi` varchar(255) NOT NULL,
  `sira` int(11) NOT NULL
) ENGINE=MyISAM DEFAULT CHARSET=utf8mb3 COLLATE=utf8mb3_general_ci;

--
-- Tablo döküm verisi `populer_urunler`
--

INSERT INTO `populer_urunler` (`id`, `urun_id`, `baslangic_tarihi`, `bitis_tarihi`, `sira`) VALUES
(1, 1, '', '', 999),
(2, 2, '', '', 999),
(3, 3, '', '', 999),
(4, 4, '', '', 999),
(5, 5, '', '', 999),
(6, 6, '', '', 999),
(7, 7, '', '', 999),
(8, 8, '', '', 999);

-- --------------------------------------------------------

--
-- Tablo için tablo yapısı `sayfa`
--

CREATE TABLE `sayfa` (
  `id` int(11) NOT NULL,
  `baslik` varchar(255) NOT NULL,
  `sef` varchar(255) NOT NULL,
  `kisa_aciklama` text NOT NULL,
  `aciklama` text NOT NULL
) ENGINE=MyISAM DEFAULT CHARSET=utf8mb3 COLLATE=utf8mb3_general_ci;

--
-- Tablo döküm verisi `sayfa`
--

INSERT INTO `sayfa` (`id`, `baslik`, `sef`, `kisa_aciklama`, `aciklama`) VALUES
(1, 'Hakkımızda', 'hakkimizda', 'Hakkımızda', '<div><div class=\"row\" style=\"margin-right: -15px; margin-left: -15px; color: rgb(105, 102, 135); font-family: Rubik, sans-serif; font-size: 16px;\"><div class=\"col-md-12\" style=\"padding-right: 15px; padding-left: 15px; float: left; width: 1170px;\"><h1 style=\"font-size: 30px; margin: 20px 0px 10px; font-family: inherit; color: rgb(59, 54, 99);\">Web Yazılım Ajansı</h1></div></div><div class=\"row\" style=\"margin-right: -15px; margin-left: -15px; color: rgb(105, 102, 135); font-family: Rubik, sans-serif; font-size: 16px;\"><div class=\"col-md-12\" style=\"padding-right: 15px; padding-left: 15px; float: left; width: 1170px;\"><h2 style=\"font-family: inherit; color: rgb(59, 54, 99); margin-top: 20px; margin-bottom: 10px; font-size: 20px;\">Hakkımızda</h2><div>Web Yazılım Ajansı olarak 2011 yılından beri İstanbul\'da faaliyetlerimizi sürdürüyoruz. Yılların verdiği tecrübeyle birlikte müşterilerimizin talepleri doğrultusunda, ihtiyaçlarınıza uygun web sitelerini en uygun fiyatlarla tasarlamaya ve beğeninize sunmaya özen gösteriyoruz.</div><h2 style=\"font-family: inherit; color: rgb(59, 54, 99); margin-top: 20px; margin-bottom: 10px; font-size: 20px;\">Neden Bİzi Seçmelisiniz?</h2><div>Müşterilerimize ve çalışanlarımıza bir aile sıcaklığıyla yaklaşıp, para kazanmaktan ziyade insanların dostluğunu kazanmaya çalışıyoruz. Yıllardır çalıştığımız müşterilerimizin hiçbirinin memnuniyetsiz ayrılmaması için elimizden geleni yaptık ve yapmaya devam edeceğiz.</div><h2 style=\"font-family: inherit; color: rgb(59, 54, 99); margin-top: 20px; margin-bottom: 10px; font-size: 20px;\">Kimler Bizi Seçmeli?</h2><div>Tecrübeli ve işini oldukça seven çalışma arkadaşlarımızla birlikte, bizimle çalışan firmalara sektörde fark yaratması ve rakiplerinin önüne geçmesi için bir fırsat tanıyoruz. Gittikçe dijitalleşen dünyada eğer sizler de firmanızın web dünyasında yerini belirlemek, daima güncel kalmak istiyorsanız bizimle çalışabilirsiniz.</div><h2 style=\"font-family: inherit; color: rgb(59, 54, 99); margin-top: 20px; margin-bottom: 10px; font-size: 20px;\">Hedeflerimiz Neler?</h2><div>Web Yazılım Ajansı olarak bizlerin hedefleri yaptığımız projelerin her birine kendi web sitemizi yapıyor gibi özenmektir. Hedeflerimize ulaşmamız, tek bir müşterimizin bile memnuniyetsiz ayrılmaması için elimizden geleni yapmak ve işlerimizde müşterilerimizin kalitesini ortaya koymakla mümkündür.</div><div><br></div></div></div></div>'),
(2, 'Gizlilik Politikası', 'gizlilik-politikasi', 'Gizlilik Politikası', '<div><div>GİZLİLİK VE GÜVENLİK POLİTİKASI</div><div>Firmamız, çeşitli amaçlarla kişisel veriler toplayabilir. Aşağıda, toplanan kişisel verilerin nasıl ve ne şekilde toplandığı, bu verilerin nasıl ve ne şekilde korunduğu belirtilmiştir.&nbsp;</div><div>&nbsp;</div><div>Üyelik veya Mağazamız üzerindeki çeşitli form ve anketlerin doldurulması suretiyle üyelerin kendileriyle ilgili bir takım kişisel bilgileri (isim-soy isim, firma bilgileri, telefon, adres veya e-posta adresleri gibi) Mağazamız tarafından işin doğası gereği toplanmaktadır.&nbsp;</div><div>&nbsp;</div><div>Firmamız bazı dönemlerde müşterilerine ve üyelerine kampanya bilgileri, yeni ürünler hakkında bilgiler, promosyon teklifleri gönderebilir. Üyelerimiz bu gibi bilgileri alıp almama konusunda her türlü seçimi üye olurken yapabilir, sonrasında üye girişi yaptıktan sonra hesap bilgileri bölümünden bu seçimi değiştirilebilir ya da kendisine gelen bilgilendirme iletisindeki linkle bildirim yapabilir.&nbsp;</div><div>&nbsp;</div><div>Mağazamız üzerinden veya eposta ile gerçekleştirilen onay sürecinde, üyelerimiz tarafından mağazamıza elektronik ortamdan iletilen kişisel bilgiler, Üyelerimiz ile yaptığımız \"Kullanıcı Sözleşmesi\" ile belirlenen amaçlar ve kapsam dışında üçüncü kişilere açıklanmayacaktır.</div><div>&nbsp;</div><div>Sistemle ilgili sorunların tanımlanması ve verilen hizmet ile ilgili çıkabilecek sorunların veya uyuşmazlıkların hızla çözülmesi için, Firmamız, üyelerinin IP adresini kaydetmekte ve bunu kullanmaktadır. IP adresleri, kullanıcıları genel bir şekilde tanımlamak ve kapsamlı demografik bilgi toplamak amacıyla da kullanılabilir.</div><div>&nbsp;</div><div>Firmamız, Üyelik Sözleşmesi ile belirlenen amaçlar ve kapsam dışında da, talep edilen bilgileri kendisi veya işbirliği içinde olduğu kişiler tarafından doğrudan pazarlama yapmak amacıyla kullanabilir. &nbsp;Kişisel bilgiler, gerektiğinde kullanıcıyla temas kurmak için de kullanılabilir. Firmamız tarafından talep edilen bilgiler veya kullanıcı tarafından sağlanan bilgiler veya Mağazamız üzerinden yapılan işlemlerle ilgili bilgiler; Firmamız ve işbirliği içinde olduğu kişiler tarafından, \"Üyelik Sözleşmesi\" ile belirlenen amaçlar ve kapsam dışında da, üyelerimizin kimliği ifşa edilmeden çeşitli istatistiksel değerlendirmeler, veri tabanı oluşturma ve pazar araştırmalarında kullanılabilir.</div><div>&nbsp;</div><div>Firmamız, gizli bilgileri kesinlikle özel ve gizli tutmayı, bunu bir sır saklama yükümü olarak addetmeyi ve gizliliğin sağlanması ve sürdürülmesi, gizli bilginin tamamının veya herhangi bir kısmının kamu alanına girmesini veya yetkisiz kullanımını veya üçüncü bir kişiye ifşasını önlemek için gerekli tüm tedbirleri almayı ve gerekli özeni göstermeyi taahhüt etmektedir.</div><div>&nbsp;</div><div>KREDİ KARTI GÜVENLİĞİ</div><div>&nbsp;</div><div>Firmamız, alışveriş sitelerimizden alışveriş yapan kredi kartı sahiplerinin güvenliğini ilk planda tutmaktadır. Kredi kartı bilgileriniz hiçbir şekilde sistemimizde saklanmamaktadır.</div><div>&nbsp;</div><div>İşlemler sürecine girdiğinizde güvenli bir sitede olduğunuzu anlamak için dikkat etmeniz gereken iki şey vardır. Bunlardan biri tarayıcınızın en alt satırında bulunan bir anahtar ya da kilit simgesidir. Bu güvenli bir internet sayfasında olduğunuzu gösterir ve her türlü bilgileriniz şifrelenerek korunur. Bu bilgiler, ancak satış işlemleri sürecine bağlı olarak ve verdiğiniz talimat istikametinde kullanılır. Alışveriş sırasında kullanılan kredi kartı ile ilgili bilgiler alışveriş sitelerimizden bağımsız olarak 128 bit SSL (Secure Sockets Layer) protokolü ile şifrelenip sorgulanmak üzere ilgili bankaya ulaştırılır. Kartın kullanılabilirliği onaylandığı takdirde alışverişe devam edilir. Kartla ilgili hiçbir bilgi tarafımızdan görüntülenemediğinden ve kaydedilmediğinden, üçüncü şahısların herhangi bir koşulda bu bilgileri ele geçirmesi engellenmiş olur.</div><div>Online olarak kredi kartı ile verilen siparişlerin ödeme/fatura/teslimat adresi bilgilerinin güvenilirliği firmamiz tarafından Kredi Kartları Dolandırıcılığı\'na karşı denetlenmektedir. Bu yüzden, alışveriş sitelerimizden ilk defa sipariş veren müşterilerin siparişlerinin tedarik ve teslimat aşamasına gelebilmesi için öncelikle finansal ve adres/telefon bilgilerinin doğruluğunun onaylanması gereklidir. Bu bilgilerin kontrolü için gerekirse kredi kartı sahibi müşteri ile veya ilgili banka ile irtibata geçilmektedir.</div><div>Üye olurken verdiğiniz tüm bilgilere sadece siz ulaşabilir ve siz değiştirebilirsiniz. Üye giriş bilgilerinizi güvenli koruduğunuz takdirde başkalarının sizinle ilgili bilgilere ulaşması ve bunları değiştirmesi mümkün değildir. Bu amaçla, üyelik işlemleri sırasında 128 bit SSL güvenlik alanı içinde hareket edilir. Bu sistem kırılması mümkün olmayan bir uluslararası bir şifreleme standardıdır.</div><div>&nbsp;</div><div>Bilgi hattı veya müşteri hizmetleri servisi bulunan ve açık adres ve telefon bilgilerinin belirtildiği İnternet alışveriş siteleri günümüzde daha fazla tercih edilmektedir. Bu sayede aklınıza takılan bütün konular hakkında detaylı bilgi alabilir, online alışveriş hizmeti sağlayan firmanın güvenirliği konusunda daha sağlıklı bilgi edinebilirsiniz.&nbsp;</div><div>&nbsp;</div><div>Not: İnternet alışveriş sitelerinde firmanın açık adresinin ve telefonun yer almasına dikkat edilmesini tavsiye ediyoruz. Alışveriş yapacaksanız alışverişinizi yapmadan ürünü aldığınız mağazanın bütün telefon / adres bilgilerini not edin. Eğer güvenmiyorsanız alışverişten önce telefon ederek teyit edin. Firmamıza ait tüm online alışveriş sitelerimizde firmamıza dair tüm bilgiler ve firma yeri belirtilmiştir.</div><div>&nbsp;</div><div>MAİL ORDER KREDİ KART BİLGİLERİ GÜVENLİĞİ</div><div>&nbsp;</div><div>Kredi kartı mail-order yöntemi ile bize göndereceğiniz kimlik ve kredi kart bilgileriniz firmamız tarafından gizlilik prensibine göre saklanacaktır. Bu bilgiler olası banka ile oluşubilecek kredi kartından para çekim itirazlarına karşı 60 gün süre ile bekletilip daha sonrasında imha edilmektedir. Sipariş ettiğiniz ürünlerin bedeli karşılığında bize göndereceğiniz tarafınızdan onaylı mail-order formu bedeli dışında herhangi bir bedelin kartınızdan çekilmesi halinde doğal olarak bankaya itiraz edebilir ve bu tutarın ödenmesini engelleyebileceğiniz için bir risk oluşturmamaktadır.&nbsp;</div><div>&nbsp;</div><div>&nbsp;</div><div>ÜÇÜNCÜ TARAF WEB SİTELERİ VE UYGULAMALAR</div><div>Mağazamız, &nbsp;web sitesi dâhilinde başka sitelere link verebilir. Firmamız, bu linkler vasıtasıyla erişilen sitelerin gizlilik uygulamaları ve içeriklerine yönelik herhangi bir sorumluluk taşımamaktadır. Firmamıza ait sitede yayınlanan reklamlar, reklamcılık yapan iş ortaklarımız aracılığı ile kullanıcılarımıza dağıtılır. İş bu sözleşmedeki Gizlilik Politikası Prensipleri, sadece Mağazamızın kullanımına ilişkindir, üçüncü taraf web sitelerini kapsamaz.&nbsp;</div><div>&nbsp;</div><div>İSTİSNAİ HALLER</div><div>Aşağıda belirtilen sınırlı hallerde Firmamız, işbu \"Gizlilik Politikası\" hükümleri dışında kullanıcılara ait bilgileri üçüncü kişilere açıklayabilir. Bu durumlar sınırlı sayıda olmak üzere;</div><div>1.Kanun, Kanun Hükmünde Kararname, Yönetmelik v.b. yetkili hukuki otorite tarafından çıkarılan ve yürürlülükte olan hukuk kurallarının getirdiği zorunluluklara uymak;</div><div>2.Mağazamızın kullanıcılarla akdettiği \"Üyelik Sözleşmesi\"\'nin ve diğer sözleşmelerin gereklerini yerine getirmek ve bunları uygulamaya koymak amacıyla;</div><div>3.Yetkili idari ve adli otorite tarafından usulüne göre yürütülen bir araştırma veya soruşturmanın yürütümü amacıyla kullanıcılarla ilgili bilgi talep edilmesi;</div><div>4.Kullanıcıların hakları veya güvenliklerini korumak için bilgi vermenin gerekli olduğu hallerdir.&nbsp;</div><div>&nbsp;</div><div>E-POSTA GÜVENLİĞİ</div><div>Mağazamızın Müşteri Hizmetleri’ne, herhangi bir siparişinizle ilgili olarak göndereceğiniz e-postalarda, asla kredi kartı numaranızı veya şifrelerinizi yazmayınız. E-postalarda yer alan bilgiler üçüncü şahıslar tarafından görülebilir. Firmamız e-postalarınızdan aktarılan bilgilerin güvenliğini hiçbir koşulda garanti edemez.</div><div>&nbsp;</div><div>TARAYICI ÇEREZLERİ&nbsp;</div><div>Firmamız, mağazamızı ziyaret eden kullanıcılar ve kullanıcıların web sitesini kullanımı hakkındaki bilgileri teknik bir iletişim dosyası (Çerez-Cookie) kullanarak elde edebilir. Bahsi geçen teknik iletişim dosyaları, ana bellekte saklanmak üzere bir internet sitesinin kullanıcının tarayıcısına (browser) gönderdiği küçük metin dosyalarıdır. Teknik iletişim dosyası site hakkında durum ve tercihleri saklayarak İnternet\'in kullanımını kolaylaştırır.</div><div>&nbsp;</div><div>Teknik iletişim dosyası, &nbsp;siteyi kaç kişinin ziyaret ettiğini, bir kişinin siteyi hangi amaçla, kaç kez ziyaret ettiğini ve ne kadar sitede kaldıkları hakkında istatistiksel bilgileri elde etmeye ve kullanıcılar için özel tasarlanmış kullanıcı sayfalarından &nbsp;dinamik olarak reklam ve içerik üretilmesine yardımcı olur. Teknik iletişim dosyası, ana bellekte veya e-postanızdan veri veya başkaca herhangi bir kişisel bilgi almak için tasarlanmamıştır. Tarayıcıların pek çoğu başta teknik iletişim dosyasını kabul eder biçimde tasarlanmıştır ancak kullanıcılar dilerse teknik iletişim dosyasının gelmemesi veya teknik iletişim dosyasının gönderildiğinde uyarı verilmesini sağlayacak biçimde ayarları değiştirebilirler.</div><div>&nbsp;</div><div>Firmamız, işbu \"Gizlilik Politikası\" hükümlerini dilediği zaman sitede yayınlamak veya kullanıcılara elektronik posta göndermek veya sitesinde yayınlamak suretiyle değiştirebilir. Gizlilik Politikası hükümleri değiştiği takdirde, yayınlandığı tarihte yürürlük kazanır.</div><div>&nbsp;</div><div>Gizlilik politikamız ile ilgili her türlü soru ve önerileriniz için ……………….. adresine email gönderebilirsiniz. Firmamız’a ait aşağıdaki iletişim bilgilerinden ulaşabilirsiniz.</div></div>'),
(3, 'Teslimat ve İade', 'teslimat-ve-iade', 'Teslimat ve İade', '<div><div>Teslimat &amp; İade Koşulları</div><div>&nbsp;</div><div>GENEL:</div><div>&nbsp;</div><div>1.Kullanmakta olduğunuz web sitesi üzerinden elektronik ortamda sipariş verdiğiniz takdirde, size sunulan ön bilgilendirme formunu ve mesafeli satış sözleşmesini kabul etmiş sayılırsınız.</div><div>2.Alıcılar, satın aldıkları ürünün satış ve teslimi ile ilgili olarak 6502 sayılı Tüketicinin Korunması Hakkında Kanun ve Mesafeli Sözleşmeler Yönetmeliği (RG:27.11.2014/29188) hükümleri ile yürürlükteki diğer yasalara tabidir. 3.Ürün sevkiyat masrafı olan kargo ücretleri alıcılar tarafından ödenecektir.</div><div>4.Satın alınan her bir ürün, 30 günlük yasal süreyi aşmamak kaydı ile alıcının gösterdiği adresteki kişi ve/veya kuruluşa teslim edilir. Bu süre içinde ürün teslim edilmez ise, Alıcılar sözleşmeyi sona erdirebilir.</div><div>5.Satın alınan ürün, eksiksiz ve siparişte belirtilen niteliklere uygun ve varsa garanti belgesi, kullanım kılavuzu gibi belgelerle teslim edilmek zorundadır.</div><div>6.Satın alınan ürünün satılmasının imkansızlaşması durumunda, satıcı bu durumu öğrendiğinden itibaren 3 gün içinde yazılı olarak alıcıya bu durumu bildirmek zorundadır. 14 gün içinde de toplam bedel Alıcı’ya iade edilmek zorundadır.</div><div>&nbsp;</div><div>SATIN ALINAN ÜRÜN BEDELİ ÖDENMEZ İSE:</div><div>&nbsp;</div><div>7.Alıcı, satın aldığı ürün bedelini ödemez veya banka kayıtlarında iptal ederse, Satıcının ürünü teslim yükümlülüğü sona erer.</div><div>&nbsp;</div><div>KREDİ KARTININ YETKİSİZ KULLANIMI İLE YAPILAN ALIŞVERİŞLER:</div><div>&nbsp;</div><div>8.Ürün teslim edildikten sonra, alıcının ödeme yaptığı kredi kartının yetkisiz kişiler tarafından haksız olarak kullanıldığı tespit edilirse ve satılan ürün bedeli ilgili banka veya finans kuruluşu tarafından Satıcı’ya ödenmez ise, Alıcı, sözleşme konusu ürünü 3 gün içerisinde nakliye gideri SATICI’ya ait olacak şekilde SATICI’ya iade etmek zorundadır.</div><div>&nbsp;</div><div>ÖNGÖRÜLEMEYEN SEBEPLERLE ÜRÜN SÜRESİNDE TESLİM EDİLEMEZ İSE:</div><div>&nbsp;</div><div>9. Satıcının öngöremeyeceği mücbir sebepler oluşursa ve ürün süresinde teslim edilemez ise, durum Alıcı’ya bildirilir. Alıcı, siparişin iptalini, ürünün benzeri ile değiştirilmesini veya engel ortadan kalkana dek teslimatın ertelenmesini talep edebilir. Alıcı siparişi iptal ederse; ödemeyi nakit ile yapmış ise iptalinden itibaren 14 gün içinde kendisine nakden bu ücret ödenir. Alıcı, ödemeyi kredi kartı ile yapmış ise ve iptal ederse, bu iptalden itibaren yine 14 gün içinde ürün bedeli bankaya iade edilir, ancak bankanın alıcının hesabına 2-3 hafta içerisinde aktarması olasıdır.</div><div>&nbsp;</div><div>ALICININ ÜRÜNÜ KONTROL ETME YÜKÜMLÜLÜĞÜ:</div><div>&nbsp;</div><div>10.Alıcı, sözleşme konusu mal/hizmeti teslim almadan önce muayene edecek; ezik, kırık, ambalajı yırtılmış vb. hasarlı ve ayıplı mal/hizmeti kargo şirketinden teslim almayacaktır. Teslim alınan mal/hizmetin hasarsız ve sağlam olduğu kabul edilecektir. ALICI , Teslimden sonra mal/hizmeti özenle korunmak zorundadır. Cayma hakkı kullanılacaksa mal/hizmet kullanılmamalıdır. Ürünle birlikte Fatura da iade edilmelidir.</div><div>&nbsp;</div><div>CAYMA HAKKI:</div><div>&nbsp;</div><div>11.ALICI; satın aldığı ürünün kendisine veya gösterdiği adresteki kişi/kuruluşa teslim tarihinden itibaren 14 (on dört) gün içerisinde, SATICI’ya aşağıdaki iletişim bilgileri üzerinden bildirmek şartıyla hiçbir hukuki ve cezai sorumluluk üstlenmeksizin ve hiçbir gerekçe göstermeksizin malı reddederek sözleşmeden cayma hakkını kullanabilir.</div><div>&nbsp;</div><div>12.SATICININ CAYMA HAKKI BİLDİRİMİ YAPILACAK İLETİŞİM BİLGİLERİ:</div><div>ŞİRKET</div><div>Firma Ünvanı:&nbsp;SİMGE YILMAZ LORA BUTİK</div><div>Adres:&nbsp;MAHMUTBEY MAH. SOĞUKSU CAD. NO: 3 İÇ KAPI NO: 2 BAĞCILAR/ İSTANBUL</div><div>Eposta:&nbsp;info@lorabutik.com.tr</div><div>Tel:&nbsp;05455615672</div><div>&nbsp;</div><div>CAYMA HAKKININ SÜRESİ:</div><div>13.Alıcı, satın aldığı eğer bir hizmet ise, bu 14 günlük süre sözleşmenin imzalandığı tarihten itibaren başlar. Cayma hakkı süresi sona ermeden önce, tüketicinin onayı ile hizmetin ifasına başlanan hizmet sözleşmelerinde cayma hakkı kullanılamaz.</div><div>14.Cayma hakkının kullanımından kaynaklanan masraflar SATICI’ ya aittir.</div><div>15.Cayma hakkının kullanılması için 14 (ondört) günlük süre içinde SATICI’ ya iadeli taahhütlü posta, faks veya eposta ile yazılı bildirimde bulunulması ve ürünün işbu sözleşmede düzenlenen “Cayma Hakkı Kullanılamayacak Ürünler” hükümleri çerçevesinde kullanılmamış olması şarttır.</div><div>&nbsp;</div><div>CAYMA HAKKININ KULLANIMI:</div><div>&nbsp;</div><div>16.3. kişiye veya ALICI’ ya teslim edilen ürünün faturası, (İade edilmek istenen ürünün faturası kurumsal ise, iade ederken kurumun düzenlemiş olduğu iade faturası ile birlikte gönderilmesi gerekmektedir. Faturası kurumlar adına düzenlenen sipariş iadeleri İADE FATURASI kesilmediği takdirde tamamlanamayacaktır.)</div><div>17.İade formu, İade edilecek ürünlerin kutusu, ambalajı, varsa standart aksesuarları ile birlikte eksiksiz ve hasarsız olarak teslim edilmesi gerekmektedir.</div><div>&nbsp;</div><div>İADE KOŞULLARI:</div><div>&nbsp;</div><div>18.SATICI, cayma bildiriminin kendisine ulaşmasından itibaren en geç 10 günlük süre içerisinde toplam bedeli ve ALICI’yı borç altına sokan belgeleri ALICI’ ya iade etmek ve 20 günlük süre içerisinde malı iade almakla yükümlüdür.</div><div>19.ALICI’ nın kusurundan kaynaklanan bir nedenle malın değerinde bir azalma olursa veya iade imkansızlaşırsa ALICI kusuru oranında SATICI’ nın zararlarını tazmin etmekle yükümlüdür. Ancak cayma hakkı süresi içinde malın veya ürünün usulüne uygun kullanılması sebebiyle meydana gelen değişiklik ve bozulmalardan ALICI sorumlu değildir.</div><div>20.Cayma hakkının kullanılması nedeniyle SATICI tarafından düzenlenen kampanya limit tutarının altına düşülmesi halinde kampanya kapsamında faydalanılan indirim miktarı iptal edilir.</div><div>&nbsp;</div><div>CAYMA HAKKI KULLANILAMAYACAK ÜRÜNLER:</div><div>&nbsp;</div><div>21. Fiziki ürünlerin hiçbiri iade olarak kabul edilmeyecektir.</div><div>22. Web site, yazılım ve kodlama gerektiren hizmetlerinin hiçbiri iade olarak kabul edilmeyecektir.</div><div>&nbsp;</div><div>TEMERRÜT HALİ VE HUKUKİ SONUÇLARI</div><div>&nbsp;</div><div>23.ALICI, ödeme işlemlerini kredi kartı ile yaptığı durumda temerrüde düştüğü takdirde, kart sahibi banka ile arasındaki kredi kartı sözleşmesi çerçevesinde faiz ödeyeceğini ve bankaya karşı sorumlu olacağını kabul, beyan ve taahhüt eder. Bu durumda ilgili banka hukuki yollara başvurabilir; doğacak masrafları ve vekâlet ücretini ALICI’dan talep edebilir ve her koşulda ALICI’nın borcundan dolayı temerrüde düşmesi halinde, ALICI, borcun gecikmeli ifasından dolayı SATICI’nın uğradığı zarar ve ziyanını ödeyeceğini kabul eder.</div><div>&nbsp;</div><div>ÖDEME VE TESLİMAT</div><div>&nbsp;</div><div>24.Banka Havalesi veya EFT (Elektronik Fon Transferi) yaparak, sitede bulunan banka hesaplarımızdan (TL) herhangi birine yapabilirsiniz.</div><div>25.Sitemiz üzerinden kredi kartlarınız ile, Her türlü kredi kartınıza online tek ödeme ya da online taksit imkanlarından yararlanabilirsiniz. Online ödemelerinizde siparişiniz sonunda kredi kartınızdan tutar çekim işlemi gerçekleşecektir.</div></div>'),
(4, 'Mesafeli Satış Sözleşmesi', 'mesafeli-satis-sozlesmesi', 'Mesafeli Satış Sözleşmesi', '<div><div>MESAFELİ SATIŞ SÖZLEŞMESİ</div><div>1.TARAFLAR</div><div>İşbu Sözleşme aşağıdaki taraflar arasında aşağıda belirtilen hüküm ve şartlar çerçevesinde imzalanmıştır.&nbsp;</div><div>A.‘ALICI’ ; (sözleşmede bundan sonra \"ALICI\" olarak anılacaktır)</div><div>&nbsp;</div><div>B.‘SATICI’ ; (sözleşmede bundan sonra \"SATICI\" olarak anılacaktır)</div><div>AD- SOYAD:</div><div>ADRES:&nbsp;</div><div>İş bu sözleşmeyi kabul etmekle ALICI, sözleşme konusu siparişi onayladığı takdirde sipariş konusu bedeli ve varsa kargo ücreti, vergi gibi belirtilen ek ücretleri ödeme yükümlülüğü altına gireceğini ve bu konuda bilgilendirildiğini peşinen kabul eder.</div><div>2.TANIMLAR</div><div>İşbu sözleşmenin uygulanmasında ve yorumlanmasında aşağıda yazılı terimler karşılarındaki yazılı açıklamaları ifade edeceklerdir.</div><div>BAKAN: Gümrük ve Ticaret Bakanı’nı,</div><div>BAKANLIK: Gümrük ve Ticaret&nbsp; Bakanlığı’nı,</div><div>KANUN: 6502 sayılı Tüketicinin Korunması Hakkında Kanun’u,</div><div>YÖNETMELİK: Mesafeli Sözleşmeler Yönetmeliği’ni (RG:27.11.2014/29188)</div><div>HİZMET: Bir ücret veya menfaat karşılığında yapılan ya da yapılması taahhüt edilen mal sağlama dışındaki her türlü tüketici işleminin konusunu ,</div><div>SATICI: Ticari veya mesleki faaliyetleri kapsamında tüketiciye mal sunan veya mal sunan adına veya hesabına hareket eden şirketi,</div><div>ALICI: Bir mal veya hizmeti ticari veya mesleki olmayan amaçlarla edinen, kullanan veya yararlanan gerçek ya da tüzel kişiyi,</div><div>SİTE: SATICI’ya ait internet sitesini,</div><div>SİPARİŞ VEREN: Bir mal veya hizmeti SATICI’ya ait internet sitesi üzerinden talep eden gerçek ya da tüzel kişiyi,</div><div>TARAFLAR: SATICI ve ALICI’yı,</div><div>SÖZLEŞME: SATICI ve ALICI arasında akdedilen işbu sözleşmeyi,</div><div>MAL: Alışverişe konu olan taşınır eşyayı ve elektronik ortamda kullanılmak üzere hazırlanan yazılım, ses, görüntü ve benzeri gayri maddi malları ifade eder.</div><div>3.KONU</div><div>İşbu Sözleşme, ALICI’nın, SATICI’ya ait internet sitesi üzerinden elektronik ortamda siparişini verdiği aşağıda nitelikleri ve satış fiyatı belirtilen ürünün satışı ve teslimi ile ilgili olarak 6502 sayılı Tüketicinin Korunması Hakkında Kanun ve Mesafeli Sözleşmelere Dair Yönetmelik hükümleri gereğince tarafların hak ve yükümlülüklerini düzenler.</div><div>Listelenen ve sitede ilan edilen fiyatlar satış fiyatıdır. İlan edilen fiyatlar ve vaatler güncelleme yapılana ve değiştirilene kadar geçerlidir. Süreli olarak ilan edilen fiyatlar ise belirtilen süre sonuna kadar geçerlidir.</div><div>4. SATICI BİLGİLERİ</div><div>Ünvanı</div><div>Adres</div><div>Telefon</div><div>Faks</div><div>Eposta</div><div>5. ALICI BİLGİLERİ</div><div>Teslim edilecek kişi</div><div>Teslimat Adresi</div><div>Telefon</div><div>Faks</div><div>Eposta/kullanıcı adı</div><div>6. SİPARİŞ VEREN KİŞİ BİLGİLERİ</div><div>Ad/Soyad/Unvan</div><div>Adres</div><div>Telefon</div><div>Faks</div><div>Eposta/kullanıcı adı</div><div>7. SÖZLEŞME KONUSU ÜRÜN/ÜRÜNLER BİLGİLERİ</div><div>1. Malın /Ürün/Ürünlerin/ Hizmetin temel özelliklerini (türü, miktarı, marka/modeli, rengi, adedi) SATICI’ya ait internet sitesinde yayınlanmaktadır. Satıcı tarafından kampanya düzenlenmiş ise ilgili ürünün temel özelliklerini kampanya süresince inceleyebilirsiniz. Kampanya tarihine kadar geçerlidir.</div><div>7.2. Listelenen ve sitede ilan edilen fiyatlar satış fiyatıdır. İlan edilen fiyatlar ve vaatler güncelleme yapılana ve değiştirilene kadar geçerlidir. Süreli olarak ilan edilen fiyatlar ise belirtilen süre sonuna kadar geçerlidir.</div><div>7.3. Sözleşme konusu mal ya da hizmetin tüm vergiler dâhil satış fiyatı aşağıda gösterilmiştir.</div><div>&nbsp;</div><div>Ürün AçıklamasıAdetBirim FiyatıAra Toplam</div><div>(KDV Dahil)</div><div>Kargo Tutarı</div><div>Toplam :</div><div>&nbsp;</div><div>Ödeme Şekli ve Planı</div><div>Teslimat Adresi</div><div>Teslim Edilecek kişi</div><div>Fatura Adresi</div><div>Sipariş Tarihi</div><div>Teslimat tarihi</div><div>Teslim şekli</div><div>&nbsp;</div><div>7.4.&nbsp; Ürün sevkiyat masrafı olan kargo ücreti ALICI tarafından ödenecektir.</div><div>8. FATURA BİLGİLERİ</div><div>Ad/Soyad/Unvan</div><div>Adres</div><div>Telefon</div><div>Faks</div><div>Eposta/kullanıcı adı</div><div>Fatura teslim : Fatura sipariş teslimatı sırasında fatura adresine sipariş ile birlikte&nbsp;</div><div>teslim edilecektir.</div><div>&nbsp;</div><div>&nbsp;</div><div>9. GENEL HÜKÜMLER</div><div>9.1. ALICI, SATICI’ya ait internet sitesinde sözleşme konusu ürünün temel nitelikleri, satış fiyatı ve ödeme şekli ile teslimata ilişkin ön bilgileri okuyup, bilgi sahibi olduğunu, elektronik ortamda gerekli teyidi verdiğini kabul, beyan ve taahhüt eder. ALICI’nın; Ön Bilgilendirmeyi elektronik ortamda teyit etmesi, mesafeli satış sözleşmesinin kurulmasından evvel, SATICI tarafından ALICI\' ya verilmesi gereken adresi, siparişi verilen ürünlere ait temel özellikleri, ürünlerin vergiler dâhil fiyatını, ödeme ve teslimat bilgilerini de doğru ve eksiksiz olarak edindiğini kabul, beyan ve taahhüt eder.</div><div>9.2. Sözleşme konusu her bir ürün, 30 günlük yasal süreyi aşmamak kaydı ile ALICI\' nın yerleşim yeri uzaklığına bağlı olarak internet sitesindeki ön bilgiler kısmında belirtilen süre zarfında ALICI veya ALICI’nın gösterdiği adresteki kişi ve/veya kuruluşa teslim edilir. Bu süre içinde ürünün ALICI’ya teslim edilememesi durumunda, ALICI’nın sözleşmeyi feshetme hakkı saklıdır.&nbsp;</div><div>9.3. SATICI, Sözleşme konusu ürünü eksiksiz, siparişte belirtilen niteliklere uygun ve varsa garanti belgeleri, kullanım kılavuzları işin gereği olan bilgi ve belgeler ile teslim etmeyi, her türlü ayıptan arî olarak yasal mevzuat gereklerine göre sağlam, standartlara uygun bir şekilde işi doğruluk ve dürüstlük esasları dâhilinde ifa etmeyi, hizmet kalitesini koruyup yükseltmeyi, işin ifası sırasında gerekli dikkat ve özeni göstermeyi, ihtiyat ve öngörü ile hareket etmeyi kabul, beyan ve taahhüt eder.</div><div>9.4. SATICI, sözleşmeden doğan ifa yükümlülüğünün süresi dolmadan ALICI’yı bilgilendirmek ve açıkça onayını almak suretiyle eşit kalite ve fiyatta farklı bir ürün tedarik edebilir.</div><div>9.5. SATICI, sipariş konusu ürün veya hizmetin yerine getirilmesinin imkânsızlaşması halinde sözleşme konusu yükümlülüklerini yerine getiremezse, bu durumu, öğrendiği tarihten itibaren 3 gün içinde yazılı olarak tüketiciye bildireceğini, 14 günlük süre içinde toplam bedeli ALICI’ya iade edeceğini kabul, beyan ve taahhüt eder.&nbsp;</div><div>9.6. ALICI, Sözleşme konusu ürünün teslimatı için işbu Sözleşme’yi elektronik ortamda teyit edeceğini, herhangi bir nedenle sözleşme konusu ürün bedelinin ödenmemesi ve/veya banka kayıtlarında iptal edilmesi halinde, SATICI’nın sözleşme konusu ürünü teslim yükümlülüğünün sona ereceğini kabul, beyan ve taahhüt eder.</div><div>9.7. ALICI, Sözleşme konusu ürünün ALICI veya ALICI’nın gösterdiği adresteki kişi ve/veya kuruluşa tesliminden sonra ALICI\'ya ait kredi kartının yetkisiz kişilerce haksız kullanılması sonucunda sözleşme konusu ürün bedelinin ilgili banka veya finans kuruluşu tarafından SATICI\'ya ödenmemesi halinde, ALICI Sözleşme konusu ürünü 3 gün içerisinde nakliye gideri SATICI’ya ait olacak şekilde SATICI’ya iade edeceğini kabul, beyan ve taahhüt eder.</div><div>9.8. SATICI, tarafların iradesi dışında gelişen, önceden öngörülemeyen ve tarafların borçlarını yerine getirmesini engelleyici ve/veya geciktirici hallerin oluşması gibi mücbir sebepler halleri nedeni ile sözleşme konusu ürünü süresi içinde teslim edemez ise, durumu ALICI\'ya bildireceğini kabul, beyan ve taahhüt eder. ALICI da siparişin iptal edilmesini, sözleşme konusu ürünün varsa emsali ile değiştirilmesini ve/veya teslimat süresinin engelleyici durumun ortadan kalkmasına kadar ertelenmesini SATICI’dan talep etme hakkını haizdir. ALICI tarafından siparişin iptal edilmesi halinde ALICI’nın nakit ile yaptığı ödemelerde, ürün tutarı 14 gün içinde kendisine nakden ve defaten ödenir. ALICI’nın kredi kartı ile yaptığı ödemelerde ise, ürün tutarı, siparişin ALICI tarafından iptal edilmesinden sonra 14 gün içerisinde ilgili bankaya iade edilir. ALICI, SATICI tarafından kredi kartına iade edilen tutarın banka tarafından ALICI hesabına yansıtılmasına ilişkin ortalama sürecin 2 ile 3 haftayı bulabileceğini, bu tutarın bankaya iadesinden sonra ALICI’nın hesaplarına yansıması halinin tamamen banka işlem süreci ile ilgili olduğundan, ALICI, olası gecikmeler için SATICI’yı sorumlu tutamayacağını kabul, beyan ve taahhüt eder.</div><div>9.9. SATICININ, ALICI tarafından siteye kayıt formunda belirtilen veya daha sonra kendisi tarafından güncellenen adresi, e-posta adresi, sabit ve mobil telefon hatları ve diğer iletişim bilgileri üzerinden mektup, e-posta, SMS, telefon görüşmesi ve diğer yollarla iletişim, pazarlama, bildirim ve diğer amaçlarla ALICI’ya ulaşma hakkı bulunmaktadır. ALICI, işbu sözleşmeyi kabul etmekle SATICI’nın kendisine yönelik yukarıda belirtilen iletişim faaliyetlerinde bulunabileceğini kabul ve beyan etmektedir.</div><div>9.10. ALICI, sözleşme konusu mal/hizmeti teslim almadan önce muayene edecek; ezik, kırık, ambalajı yırtılmış vb. hasarlı ve ayıplı mal/hizmeti kargo şirketinden teslim almayacaktır. Teslim alınan mal/hizmetin hasarsız ve sağlam olduğu kabul edilecektir. Teslimden sonra mal/hizmetin özenle korunması borcu, ALICI’ya aittir. Cayma hakkı kullanılacaksa mal/hizmet kullanılmamalıdır. Fatura iade edilmelidir.</div><div>9.11. ALICI ile sipariş esnasında kullanılan kredi kartı hamilinin aynı kişi olmaması veya ürünün ALICI’ya tesliminden evvel, siparişte kullanılan kredi kartına ilişkin güvenlik açığı tespit edilmesi halinde, SATICI, kredi kartı hamiline ilişkin kimlik ve iletişim bilgilerini, siparişte kullanılan kredi kartının bir önceki aya ait ekstresini yahut kart hamilinin bankasından kredi kartının kendisine ait olduğuna ilişkin yazıyı ibraz etmesini ALICI’dan talep edebilir. ALICI’nın talebe konu bilgi/belgeleri temin etmesine kadar geçecek sürede sipariş dondurulacak olup, mezkur taleplerin 24 saat içerisinde karşılanmaması halinde ise SATICI, siparişi iptal etme hakkını haizdir.</div><div>9.12. ALICI, SATICI’ya ait internet sitesine üye olurken verdiği kişisel ve diğer sair bilgilerin gerçeğe uygun olduğunu, SATICI’nın bu bilgilerin gerçeğe aykırılığı nedeniyle uğrayacağı tüm zararları, SATICI’nın ilk bildirimi üzerine derhal, nakden ve defaten tazmin edeceğini beyan ve taahhüt eder.</div><div>9.13. ALICI, SATICI’ya ait internet sitesini kullanırken yasal mevzuat hükümlerine riayet etmeyi ve bunları ihlal etmemeyi baştan kabul ve taahhüt eder. Aksi takdirde, doğacak tüm hukuki ve cezai yükümlülükler tamamen ve münhasıran ALICI’yı bağlayacaktır.</div><div>9.14. ALICI, SATICI’ya ait internet sitesini hiçbir şekilde kamu düzenini bozucu, genel ahlaka aykırı, başkalarını rahatsız ve taciz edici şekilde, yasalara aykırı bir amaç için, başkalarının maddi ve manevi haklarına tecavüz edecek şekilde kullanamaz. Ayrıca, üye başkalarının hizmetleri kullanmasını önleyici veya zorlaştırıcı faaliyet (spam, virus, truva atı, vb.) işlemlerde bulunamaz.</div><div>9.15. SATICI’ya ait internet sitesinin üzerinden, SATICI’nın kendi kontrolünde olmayan ve/veya başkaca üçüncü kişilerin sahip olduğu ve/veya işlettiği başka web sitelerine ve/veya başka içeriklere link verilebilir. Bu linkler ALICI’ya yönlenme kolaylığı sağlamak amacıyla konmuş olup herhangi bir web sitesini veya o siteyi işleten kişiyi desteklememekte ve Link verilen web sitesinin içerdiği bilgilere yönelik herhangi bir garanti niteliği taşımamaktadır.</div><div>9.16. İşbu sözleşme içerisinde sayılan maddelerden bir ya da birkaçını ihlal eden üye işbu ihlal nedeniyle cezai ve hukuki olarak şahsen sorumlu olup, SATICI’yı bu ihlallerin hukuki ve cezai sonuçlarından ari tutacaktır. Ayrıca; işbu ihlal nedeniyle, olayın hukuk alanına intikal ettirilmesi halinde, SATICI’nın üyeye karşı üyelik sözleşmesine uyulmamasından dolayı tazminat talebinde bulunma hakkı saklıdır.</div><div>10. CAYMA HAKKI</div><div>10.1. ALICI; mesafeli sözleşmenin mal satışına ilişkin olması durumunda, ürünün kendisine veya gösterdiği adresteki kişi/kuruluşa teslim tarihinden itibaren 14 (on dört) gün içerisinde, SATICI’ya bildirmek şartıyla hiçbir hukuki ve cezai sorumluluk üstlenmeksizin ve hiçbir gerekçe göstermeksizin malı reddederek sözleşmeden cayma hakkını kullanabilir. Hizmet sunumuna ilişkin mesafeli sözleşmelerde ise, bu süre sözleşmenin imzalandığı tarihten itibaren başlar. Cayma hakkı süresi sona ermeden önce, tüketicinin onayı ile hizmetin ifasına başlanan hizmet sözleşmelerinde cayma hakkı kullanılamaz. Cayma hakkının kullanımından kaynaklanan masraflar SATICI’ ya aittir. ALICI, iş bu sözleşmeyi kabul etmekle, cayma hakkı konusunda bilgilendirildiğini peşinen kabul eder.</div><div>10.2. Cayma hakkının kullanılması için 14 (ondört) günlük süre içinde SATICI\' ya iadeli taahhütlü posta, faks veya eposta ile yazılı bildirimde bulunulması ve ürünün işbu sözleşmede düzenlenen \"Cayma Hakkı Kullanılamayacak Ürünler\" hükümleri çerçevesinde kullanılmamış olması şarttır. Bu hakkın kullanılması halinde,&nbsp;</div><div>a) 3. kişiye veya ALICI’ ya teslim edilen ürünün faturası, (İade edilmek istenen ürünün faturası kurumsal ise, iade ederken kurumun düzenlemiş olduğu iade faturası ile birlikte gönderilmesi gerekmektedir. Faturası kurumlar adına düzenlenen sipariş iadeleri İADE FATURASI kesilmediği takdirde tamamlanamayacaktır.)</div><div>b) İade formu,</div><div>c) İade edilecek ürünlerin kutusu, ambalajı, varsa standart aksesuarları ile birlikte eksiksiz ve hasarsız olarak teslim edilmesi gerekmektedir.</div><div>d) SATICI, cayma bildiriminin kendisine ulaşmasından itibaren en geç 10 günlük süre içerisinde toplam bedeli ve ALICI’yı borç altına sokan belgeleri ALICI’ ya iade etmek ve 20 günlük süre içerisinde malı iade almakla yükümlüdür.</div><div>e) ALICI’ nın kusurundan kaynaklanan bir nedenle malın değerinde bir azalma olursa veya iade imkânsızlaşırsa ALICI kusuru oranında SATICI’ nın zararlarını tazmin etmekle yükümlüdür. Ancak cayma hakkı süresi içinde malın veya ürünün usulüne uygun kullanılması sebebiyle meydana gelen değişiklik ve bozulmalardan ALICI sorumlu değildir.&nbsp;</div><div>f) Cayma hakkının kullanılması nedeniyle SATICI tarafından düzenlenen kampanya limit tutarının altına düşülmesi halinde kampanya kapsamında faydalanılan indirim miktarı iptal edilir.</div><div>11. CAYMA HAKKI KULLANILAMAYACAK ÜRÜNLER</div><div>ALICI’nın isteği veya açıkça kişisel ihtiyaçları doğrultusunda hazırlanan ve geri gönderilmeye müsait olmayan, iç giyim alt parçaları, mayo ve bikini altları, makyaj malzemeleri, tek kullanımlık ürünler, çabuk bozulma tehlikesi olan veya son kullanma tarihi geçme ihtimali olan mallar, ALICI’ya teslim edilmesinin ardından ALICI tarafından ambalajı açıldığı takdirde iade edilmesi sağlık ve hijyen açısından uygun olmayan ürünler, teslim edildikten sonra başka ürünlerle karışan ve doğası gereği ayrıştırılması mümkün olmayan ürünler, Abonelik sözleşmesi kapsamında sağlananlar dışında, gazete ve dergi gibi süreli yayınlara ilişkin mallar, Elektronik ortamda anında ifa edilen hizmetler veya tüketiciye anında teslim edilen gayrimaddi mallar, ile ses veya görüntü kayıtlarının, kitap, dijital içerik, yazılım programlarının, veri kaydedebilme ve veri depolama cihazlarının,&nbsp; bilgisayar sarf malzemelerinin, ambalajının ALICI tarafından açılmış olması halinde iadesi Yönetmelik gereği mümkün değildir. Ayrıca Cayma hakkı süresi sona ermeden önce, tüketicinin onayı ile ifasına başlanan hizmetlere ilişkin cayma hakkının kullanılması da Yönetmelik gereği mümkün değildir.</div><div>Kozmetik ve kişisel bakım ürünleri, iç giyim ürünleri, mayo, bikini, kitap, kopyalanabilir yazılım ve programlar, DVD, VCD, CD ve kasetler ile kırtasiye sarf malzemeleri (toner, kartuş, şerit vb.) iade edilebilmesi için ambalajlarının açılmamış, denenmemiş, bozulmamış ve kullanılmamış olmaları gerekir.&nbsp;</div><div>&nbsp;</div><div>&nbsp;</div><div>12. TEMERRÜT HALİ VE HUKUKİ SONUÇLARI</div><div>ALICI, ödeme işlemlerini&nbsp; kredi kartı ile yaptığı durumda temerrüde düştüğü takdirde, kart sahibi banka ile arasındaki kredi kartı sözleşmesi çerçevesinde faiz ödeyeceğini ve bankaya karşı sorumlu olacağını kabul, beyan ve taahhüt eder. Bu durumda ilgili banka hukuki yollara başvurabilir; doğacak masrafları ve vekâlet ücretini ALICI’dan talep edebilir ve her koşulda ALICI’nın borcundan dolayı temerrüde düşmesi halinde, ALICI, borcun gecikmeli ifasından dolayı SATICI’nın uğradığı zarar ve ziyanını ödeyeceğini kabul, beyan ve taahhüt eder</div><div>13. YETKİLİ MAHKEME</div><div>İşbu sözleşmeden doğan uyuşmazlıklarda şikayet ve itirazlar, aşağıdaki kanunda belirtilen parasal sınırlar dâhilinde tüketicinin yerleşim yerinin bulunduğu veya tüketici işleminin yapıldığı yerdeki tüketici sorunları hakem heyetine veya tüketici mahkemesine yapılacaktır. Parasal sınıra ilişkin bilgiler aşağıdadır:</div><div>01/01/2017 tarihinden itibaren geçerli olmak üzere, 2017 yılı için tüketici hakem heyetlerine yapılacak başvurularda değeri:</div><div>a) 2.400 (iki bin dört yüz) Türk Lirasının altında bulunan uyuşmazlıklarda ilçe tüketici hakem heyetleri,</div><div>b) Büyükşehir statüsünde olan illerde 2.400 (iki bin dört yüz) Türk Lirası ile 3.610 (üç bin altı yüz on) Türk Lirası arasındaki uyuşmazlıklarda il tüketici hakem heyetleri,</div><div>c) Büyükşehir statüsünde olmayan illerin merkezlerinde 3.610 (üç bin altı yüz on) Türk Lirasının altında bulunan uyuşmazlıklarda il tüketici hakem heyetleri,</div><div>ç) Büyükşehir statüsünde olmayan illere bağlı ilçelerde 2.400 (iki bin dört yüz) Türk Lirası ile 3.610 (üç bin altı yüz on) Türk Lirası arasındaki uyuşmazlıklarda il tüketici hakem heyetleri görevli kılınmışlardır.</div><div>İşbu Sözleşme ticari amaçlarla yapılmaktadır.</div><div>14. YÜRÜRLÜK</div><div>ALICI, Site üzerinden verdiği siparişe ait ödemeyi gerçekleştirdiğinde işbu sözleşmenin tüm şartlarını kabul etmiş sayılır. SATICI, siparişin gerçekleşmesi öncesinde işbu sözleşmenin sitede ALICI tarafından okunup kabul edildiğine dair onay alacak şekilde gerekli yazılımsal düzenlemeleri yapmakla yükümlüdür.&nbsp;</div><div>SATICI:</div><div>ALICI:</div><div>TARİH:</div></div>'),
(5, 'Üyelik Sözleşmesi', 'uyelik-sozlesmesi', 'Üyelik Sözleşmesi', '<div><div>4. ÜYELİK ŞARTLARI VE YÜKÜMLÜLÜKLERİ</div><div><br></div><div>4.1. Üye olmak isteyen 18 yaşını doldurmuş&nbsp; kullanıcının, Websitesi\'nde bulunan işbu Üyelik Sözleşmesi\'ni sunulan formu eksiksiz ve güncel olarak doldurmak&nbsp; ve belirtilen şekilde&nbsp; onaylayarak Üyelik başvurusunun “sitemiz” tarafından sms ve e posta ile onaylanması gerekmektedir. Üyelik onayı ile üyelik başlamış olur. Üye adayı üyelik onayı öncesi veya üye olduktan sonra dilediği zaman üyelikten ayrılabilir. Üyeler arasında benzerlik veya menfaat çatışması olduğunda&nbsp; usulüne uygun yapılan ilk üyelik, yasal engel yok ise geçerli olacaktır. “sitemiz” dilediği üyeye öncelik tanıyabileceği gibi üyelerin üyeliğini askıya alabilir veya üyeliğini sona erdirebilir. Aynı şekilde üye/üyeler, üyelikle ilgili veya&nbsp; ilanlar ve satışlara ilişkin her türlü yasal prosedüre müracaat ettiğinde, “sitemiz”ı davaya dahil veya ihbar edemeyeceklerdir. Üyeler şifre ve bilgilerini üyelik hesabından değiştirebilir.</div><div><br></div><div>4.2. 6563 sayılı Elektronik Ticaretin Düzenlenmesi Hakkında Kanun uyarınca yalnızca \"aracı hizmet sağlayıcı\" ve 5651 sayılı İnternet Ortamında Yapılan Yayınların Düzenlenmesi ve Bu Yayınlar Yoluyla İşlenen Suçlarla Mücadele Edilmesi Hakkında Kanun uyarınca \"yer sağlayıcı\" olması sebebiyle, “sitemiz” Web Sitesi’nde yer alan ve kendisi tarafından yayınlanmamış hiçbir görsel, yazılı veya sair içeriğin gerçekliğinden, güvenilirliğinden, doğruluğundan ya da hukuka uygunluğundan sorumlu değildir ve söz konusu içeriklerin doğruluğunu kontrol etme gibi bir yükümlülüğü bulunmamaktadır. sitemiz&nbsp; söz konusu içerikleri dileği zaman kontrol etme ve gerekli görürse erişime kapatma veya bir kısmını ve tamamını silme hakkına sahiptir. Dava açma hakkına sahiptir. İlan içeriğinden görsellerden veya herhangi bir nedenle Üçüncü kişi taleplerinden&nbsp; üye sorumludur. Usulsüz ilan ve içerikten “sitemiz” bir zarara uğrar ise üye bu zararı gidermekle yükümlüdür.</div></div>'),
(6, 'Kullanım Koşulları', 'kullanim-kosullari', 'Kullanım Koşulları', '<div><div>4. ÜYELİK ŞARTLARI VE YÜKÜMLÜLÜKLERİ</div><div><br></div><div>4.1. Üye olmak isteyen 18 yaşını doldurmuş&nbsp; kullanıcının, Websitesi\'nde bulunan işbu Üyelik Sözleşmesi\'ni sunulan formu eksiksiz ve güncel olarak doldurmak&nbsp; ve belirtilen şekilde&nbsp; onaylayarak Üyelik başvurusunun “sitemiz” tarafından sms ve e posta ile onaylanması gerekmektedir. Üyelik onayı ile üyelik başlamış olur. Üye adayı üyelik onayı öncesi veya üye olduktan sonra dilediği zaman üyelikten ayrılabilir. Üyeler arasında benzerlik veya menfaat çatışması olduğunda&nbsp; usulüne uygun yapılan ilk üyelik, yasal engel yok ise geçerli olacaktır. “sitemiz” dilediği üyeye öncelik tanıyabileceği gibi üyelerin üyeliğini askıya alabilir veya üyeliğini sona erdirebilir. Aynı şekilde üye/üyeler, üyelikle ilgili veya&nbsp; ilanlar ve satışlara ilişkin her türlü yasal prosedüre müracaat ettiğinde, “sitemiz”ı davaya dahil veya ihbar edemeyeceklerdir. Üyeler şifre ve bilgilerini üyelik hesabından değiştirebilir.</div><div><br></div><div>4.2. 6563 sayılı Elektronik Ticaretin Düzenlenmesi Hakkında Kanun uyarınca yalnızca \"aracı hizmet sağlayıcı\" ve 5651 sayılı İnternet Ortamında Yapılan Yayınların Düzenlenmesi ve Bu Yayınlar Yoluyla İşlenen Suçlarla Mücadele Edilmesi Hakkında Kanun uyarınca \"yer sağlayıcı\" olması sebebiyle, “sitemiz” Web Sitesi’nde yer alan ve kendisi tarafından yayınlanmamış hiçbir görsel, yazılı veya sair içeriğin gerçekliğinden, güvenilirliğinden, doğruluğundan ya da hukuka uygunluğundan sorumlu değildir ve söz konusu içeriklerin doğruluğunu kontrol etme gibi bir yükümlülüğü bulunmamaktadır. sitemiz&nbsp; söz konusu içerikleri dileği zaman kontrol etme ve gerekli görürse erişime kapatma veya bir kısmını ve tamamını silme hakkına sahiptir. Dava açma hakkına sahiptir. İlan içeriğinden görsellerden veya herhangi bir nedenle Üçüncü kişi taleplerinden&nbsp; üye sorumludur. Usulsüz ilan ve içerikten “sitemiz” bir zarara uğrar ise üye bu zararı gidermekle yükümlüdür.</div></div>'),
(7, 'Aydınlatma ve Rıza Metni', 'aydinlatma-ve-riza-metni', 'Aydınlatma ve Rıza Metni', '<div><div><span style=\"font: inherit; margin: 0px; padding: 0px; border: 0px;\"><span style=\"font-family: inherit; font-size: inherit; margin: 0px; padding: 0px; border: 0px; font-style: inherit; font-variant: inherit; font-weight: 600; font-stretch: inherit; line-height: inherit;\">Müşterilere Ait Kişisel Verilerin İşlenme Amacı:</span></span></div></div><div><span style=\"font: inherit; margin: 0px; padding: 0px; border: 0px;\"><span style=\"font-family: inherit; font-size: inherit; margin: 0px; padding: 0px; border: 0px; font-style: inherit; font-variant: inherit; font-weight: 600; font-stretch: inherit; line-height: inherit;\"><span style=\"color: rgb(100, 99, 99); font-family: Roboto; font-weight: 400;\">Müşterilerimize ait kişisel veriler, elektronik ticaret pazar yeri tarafından sunulan ürün ve hizmetlerden ilgili kişileri faydalandırmak için gerekli çalışmaların yapılması ve ilgili iş süreçlerinin yürütülmes</span><span style=\"color: rgb(100, 99, 99); font-family: Roboto; font-weight: 400;\">Müşterilerimize ait kişisel veriler, elektronik ticaret pazar yeri tarafından sunulan ürün ve hizmetlerden ilgili kişileri faydalandırmak için gerekli çalışmaların yapılması ve ilgili iş süreçlerinin yürütülmes</span><br></span></span></div>');

-- --------------------------------------------------------

--
-- Tablo için tablo yapısı `siparis`
--

CREATE TABLE `siparis` (
  `id` int(11) NOT NULL,
  `ad` varchar(255) NOT NULL,
  `soyad` varchar(255) NOT NULL,
  `telefon` varchar(255) NOT NULL,
  `email` varchar(255) NOT NULL,
  `adres` text NOT NULL,
  `tc` varchar(255) NOT NULL,
  `siparis_tarihi` int(11) NOT NULL,
  `toplam_tutar` varchar(255) NOT NULL,
  `siparis_key` varchar(255) NOT NULL,
  `kullanici_id` int(11) NOT NULL,
  `odeme_yontemi` int(11) NOT NULL,
  `kredi_karti_odendi` int(11) NOT NULL,
  `durum` int(11) NOT NULL
) ENGINE=MyISAM DEFAULT CHARSET=utf8mb3 COLLATE=utf8mb3_general_ci;

--
-- Tablo döküm verisi `siparis`
--

INSERT INTO `siparis` (`id`, `ad`, `soyad`, `telefon`, `email`, `adres`, `tc`, `siparis_tarihi`, `toplam_tutar`, `siparis_key`, `kullanici_id`, `odeme_yontemi`, `kredi_karti_odendi`, `durum`) VALUES
(1, 'erhan', 'sayim', '05555555555', 'info@eticaretscript.com.tr', 'aa', '123', 1613962831, '69576', '160331e4f630d0', 1, 4, 0, 3),
(2, 'erhan', 'sayim', '05555555555', 'info@eticaretscript.com.tr', 'aa', '123', 1613963833, '23746', '16033223922c89', 1, 4, 0, 0),
(3, 'erhan', 'sayim', '05555555555', 'info@eticaretscript.com.tr', 'aa', '123', 1614024899, '3173', '1603410c313920', 1, 4, 0, 0),
(4, 'erhan', 'sayim', '05555555555', 'info@eticaretscript.com.tr', 'aa', '123', 1614024969, '411', '1603411096a989', 1, 3, 0, 0),
(5, 'erhan', 'sayim', '05555555555', 'erhansa123yim@hotmail.com', '123', '123', 1615896887, '8904', '36050a1371b693', 3, 4, 0, 0),
(6, 'erhan', 'sayim', '05555555555', 'info@eticaretscript.com.tr', 'aa', '123', 1616340492, '5229', '16057660c35c5e', 1, 4, 0, 0),
(7, 'erhan', 'sayim', '05555555555', 'de123stek@sayim.com.tr', '123', '123', 1616766442, '411', '4605de5ec6a72a', 4, 1, 0, 0),
(8, 'erhan', 'sayim', '05555555555', 'erhansayiasdm@hotmail.com', 'asd', '123', 1617267126, '1586.5', '5606589b71a74c', 5, 3, 0, 0),
(9, 'Mir', 'Demir', '05432635163', 'mirdemir24@gmail.com', 'Hatay Adana ', '68851116196', 1674600031, '1536.5', '1063d05e5f6e357', 10, 1, 0, 0),
(10, 'Mehmetcan', 'Gurbuz', '05555555555', 'mehmetcangurbuz10@gmail.com', 'Servi mahallesi Çavuş sokak\r\nNo 12/13', '111111111111', 1706304661, '2119', '1665b42495a7e25', 16, 1, 0, 0);

-- --------------------------------------------------------

--
-- Tablo için tablo yapısı `siparis_urun`
--

CREATE TABLE `siparis_urun` (
  `id` int(11) NOT NULL,
  `siparis_id` int(11) NOT NULL,
  `urun_id` int(11) NOT NULL,
  `fiyat` varchar(255) NOT NULL,
  `adet` int(11) NOT NULL,
  `secenek` varchar(255) NOT NULL,
  `kargo_fiyati` varchar(255) NOT NULL,
  `magaza_id` int(11) NOT NULL,
  `kargo_adi` varchar(255) NOT NULL,
  `kargo_kodu` varchar(255) NOT NULL,
  `durum` tinyint(1) NOT NULL
) ENGINE=MyISAM DEFAULT CHARSET=utf8mb3 COLLATE=utf8mb3_general_ci;

--
-- Tablo döküm verisi `siparis_urun`
--

INSERT INTO `siparis_urun` (`id`, `siparis_id`, `urun_id`, `fiyat`, `adet`, `secenek`, `kargo_fiyati`, `magaza_id`, `kargo_adi`, `kargo_kodu`, `durum`) VALUES
(1, 1, 3, '1956', 3, '42', '100', 1, 'mng', '123', 0),
(2, 1, 1, '8774', 5, '2', '100', 0, 'aras', '333', 0),
(3, 1, 2, '3073', 6, '39', '100', 1, 'mng', '222', 0),
(4, 2, 6, '4238', 5, '78', '100', 0, '', '', 0),
(5, 2, 3, '1956', 1, '42', '100', 1, 'dasdsa', 'dasdas', 0),
(6, 3, 2, '3073', 1, '38', '100', 1, '', '', 0),
(7, 4, 4, '311', 1, '80', '100', 1, '', '', 1),
(8, 5, 1, '8804', 1, '84', '100', 0, '', '', 0),
(9, 6, 2, '3073', 1, '38', '100', 1, '', '', 1),
(10, 6, 3, '1956', 1, '41', '100', 1, '', '', 2),
(11, 7, 4, '311', 1, '81', '100', 1, '', '', 0),
(12, 8, 2, '3073', 1, '37', '100', 1, '', '', 0),
(13, 9, 2, '3073', 1, '37', '100', 1, '', '', 0),
(14, 10, 6, '4238', 1, '76', '100', 1, '', '', 1);

-- --------------------------------------------------------

--
-- Tablo için tablo yapısı `site_ayarlari`
--

CREATE TABLE `site_ayarlari` (
  `id` int(11) NOT NULL,
  `title` varchar(255) NOT NULL,
  `description` text NOT NULL,
  `logo` varchar(255) NOT NULL,
  `fav` varchar(255) NOT NULL,
  `site_ust_img` varchar(255) NOT NULL,
  `telefon` varchar(255) NOT NULL,
  `email` varchar(255) NOT NULL,
  `siparis_mail` varchar(255) NOT NULL,
  `adres` varchar(255) NOT NULL,
  `google_harita_kodu` text NOT NULL,
  `analistik_kodu` text NOT NULL,
  `facebook` varchar(255) NOT NULL,
  `twitter` varchar(255) NOT NULL,
  `youtube` varchar(255) NOT NULL,
  `instagram` varchar(255) NOT NULL,
  `whatsapp` varchar(255) NOT NULL,
  `magaza_aktif_pasif` tinyint(1) NOT NULL,
  `sabit_komisyon` varchar(255) NOT NULL,
  `kargo_bedava_limit` varchar(255) NOT NULL,
  `kargo_ucreti` varchar(255) NOT NULL,
  `kac_lira_uzeri_indirim` varchar(255) NOT NULL,
  `kac_lira_uzeri_indirim_tutari` varchar(255) NOT NULL,
  `kac_lira_uzeri_indirim_turu` varchar(255) NOT NULL,
  `kapida_nakit_odeme_kargo_ucreti` varchar(255) NOT NULL,
  `kapida_kredi_karti_odeme_kargo_ucreti` varchar(255) NOT NULL
) ENGINE=MyISAM DEFAULT CHARSET=utf8mb3 COLLATE=utf8mb3_general_ci;

--
-- Tablo döküm verisi `site_ayarlari`
--

INSERT INTO `site_ayarlari` (`id`, `title`, `description`, `logo`, `fav`, `site_ust_img`, `telefon`, `email`, `siparis_mail`, `adres`, `google_harita_kodu`, `analistik_kodu`, `facebook`, `twitter`, `youtube`, `instagram`, `whatsapp`, `magaza_aktif_pasif`, `sabit_komisyon`, `kargo_bedava_limit`, `kargo_ucreti`, `kac_lira_uzeri_indirim`, `kac_lira_uzeri_indirim_tutari`, `kac_lira_uzeri_indirim_turu`, `kapida_nakit_odeme_kargo_ucreti`, `kapida_kredi_karti_odeme_kargo_ucreti`) VALUES
(1, 'Netkreatif E-Ticaret V2 Yazılımı', 'Netkreatif E-Ticaret V2 Yazılımı', '1613413711-602abd4fe779b.png', '1613413718-602abd5633151.png', '1613493830-602bf64651303.gif', '08503081153', 'info@eticaretscript.com.tr', 'info@eticaretscript.com.tr', 'İstanbul / Avcılar Tahtakale Mah.', '<iframe src=\"https://www.google.com/maps/embed?pb=!1m18!1m12!1m3!1d3008.8984897639402!2d28.8448194!3d41.04934890000002!2m3!1f0!2f0!3f0!3m2!1i1024!2i768!4f13.1!3m3!1m2!1s0x0%3A0x3fd1012c20b7f8b!2sNetkreatif%20Bili%C5%9Fim%20Teknolojileri!5e0!3m2!1str!2str!4v1669094036285!5m2!1str!2str\" width=\"100%\" height=\"450\" style=\"border:0;\" allowfullscreen=\"\" loading=\"lazy\"></iframe>', '', '#', '#', '#', '#', '0850 308 11 53', 1, '12', '100', '50', '100', '50', '1', '50', '50');

-- --------------------------------------------------------

--
-- Tablo için tablo yapısı `slider`
--

CREATE TABLE `slider` (
  `id` int(11) NOT NULL,
  `img` varchar(255) NOT NULL,
  `link` varchar(255) NOT NULL,
  `sira` int(11) NOT NULL
) ENGINE=MyISAM DEFAULT CHARSET=utf8mb3 COLLATE=utf8mb3_general_ci;

--
-- Tablo döküm verisi `slider`
--

INSERT INTO `slider` (`id`, `img`, `link`, `sira`) VALUES
(1, '1613417844-602acd74c8661.jpg', '#', 1),
(2, '1613417856-602acd8088488.jpg', '#', 2),
(3, '1613417866-602acd8a74641.jpg', '#', 3),
(4, '1613417875-602acd9395da9.jpg', '#', 4),
(5, '1613417844-602acd74c8661.jpg', '#', 5);

-- --------------------------------------------------------

--
-- Tablo için tablo yapısı `sozlesme`
--

CREATE TABLE `sozlesme` (
  `id` int(11) NOT NULL,
  `baslik` varchar(255) NOT NULL,
  `aciklama` text NOT NULL
) ENGINE=MyISAM DEFAULT CHARSET=utf8mb3 COLLATE=utf8mb3_general_ci;

--
-- Tablo döküm verisi `sozlesme`
--

INSERT INTO `sozlesme` (`id`, `baslik`, `aciklama`) VALUES
(1, 'Mağaza Kullanım Koşulları', '<div>Firmamız, çeşitli amaçlarla kişisel veriler toplayabilir. Aşağıda, toplanan kişisel verilerin nasıl ve ne şekilde toplandığı, bu verilerin nasıl ve ne şekilde korunduğu belirtilmiştir.&nbsp;<br></div><div>&nbsp;</div><div>Üyelik veya Mağazamız üzerindeki çeşitli form ve anketlerin doldurulması suretiyle üyelerin kendileriyle ilgili bir takım kişisel bilgileri (isim-soy isim, firma bilgileri, telefon, adres veya e-posta adresleri gibi) Mağazamız tarafından işin doğası gereği toplanmaktadır.&nbsp;</div><div>&nbsp;</div><div>Firmamız bazı dönemlerde müşterilerine ve üyelerine kampanya bilgileri, yeni ürünler hakkında bilgiler, promosyon teklifleri gönderebilir. Üyelerimiz bu gibi bilgileri alıp almama konusunda her türlü seçimi üye olurken yapabilir, sonrasında üye girişi yaptıktan sonra hesap bilgileri bölümünden bu seçimi değiştirilebilir ya da kendisine gelen bilgilendirme iletisindeki linkle bildirim yapabilir.&nbsp;</div><div>&nbsp;</div><div>Mağazamız üzerinden veya eposta ile gerçekleştirilen onay sürecinde, üyelerimiz tarafından mağazamıza elektronik ortamdan iletilen kişisel bilgiler, Üyelerimiz ile yaptığımız \"Kullanıcı Sözleşmesi\" ile belirlenen amaçlar ve kapsam dışında üçüncü kişilere açıklanmayacaktır.</div><div>&nbsp;</div><div>Sistemle ilgili sorunların tanımlanması ve verilen hizmet ile ilgili çıkabilecek sorunların veya uyuşmazlıkların hızla çözülmesi için, Firmamız, üyelerinin IP adresini kaydetmekte ve bunu kullanmaktadır. IP adresleri, kullanıcıları genel bir şekilde tanımlamak ve kapsamlı demografik bilgi toplamak amacıyla da kullanılabilir.</div><div>&nbsp;</div><div>Firmamız, Üyelik Sözleşmesi ile belirlenen amaçlar ve kapsam dışında da, talep edilen bilgileri kendisi veya işbirliği içinde olduğu kişiler tarafından doğrudan pazarlama yapmak amacıyla kullanabilir. &nbsp;Kişisel bilgiler, gerektiğinde kullanıcıyla temas kurmak için de kullanılabilir. Firmamız tarafından talep edilen bilgiler veya kullanıcı tarafından sağlanan bilgiler veya Mağazamız üzerinden yapılan işlemlerle ilgili bilgiler; Firmamız ve işbirliği içinde olduğu kişiler tarafından, \"Üyelik Sözleşmesi\" ile belirlenen amaçlar ve kapsam dışında da, üyelerimizin kimliği ifşa edilmeden çeşitli istatistiksel değerlendirmeler, veri tabanı oluşturma ve pazar araştırmalarında kullanılabilir.</div><div>&nbsp;</div><div>Firmamız, gizli bilgileri kesinlikle özel ve gizli tutmayı, bunu bir sır saklama yükümü olarak addetmeyi ve gizliliğin sağlanması ve sürdürülmesi, gizli bilginin tamamının veya herhangi bir kısmının kamu alanına girmesini veya yetkisiz kullanımını veya üçüncü bir kişiye ifşasını önlemek için gerekli tüm tedbirleri almayı ve gerekli özeni göstermeyi taahhüt etmektedir.</div><div>&nbsp;</div><div>KREDİ KARTI GÜVENLİĞİ</div><div>&nbsp;</div><div>Firmamız, alışveriş sitelerimizden alışveriş yapan kredi kartı sahiplerinin güvenliğini ilk planda tutmaktadır. Kredi kartı bilgileriniz hiçbir şekilde sistemimizde saklanmamaktadır.</div><div>&nbsp;</div><div>İşlemler sürecine girdiğinizde güvenli bir sitede olduğunuzu anlamak için dikkat etmeniz gereken iki şey vardır. Bunlardan biri tarayıcınızın en alt satırında bulunan bir anahtar ya da kilit simgesidir. Bu güvenli bir internet sayfasında olduğunuzu gösterir ve her türlü bilgileriniz şifrelenerek korunur. Bu bilgiler, ancak satış işlemleri sürecine bağlı olarak ve verdiğiniz talimat istikametinde kullanılır. Alışveriş sırasında kullanılan kredi kartı ile ilgili bilgiler alışveriş sitelerimizden bağımsız olarak 128 bit SSL (Secure Sockets Layer) protokolü ile şifrelenip sorgulanmak üzere ilgili bankaya ulaştırılır. Kartın kullanılabilirliği onaylandığı takdirde alışverişe devam edilir. Kartla ilgili hiçbir bilgi tarafımızdan görüntülenemediğinden ve kaydedilmediğinden, üçüncü şahısların herhangi bir koşulda bu bilgileri ele geçirmesi engellenmiş olur.</div><div>Online olarak kredi kartı ile verilen siparişlerin ödeme/fatura/teslimat adresi bilgilerinin güvenilirliği firmamiz tarafından Kredi Kartları Dolandırıcılığı\'na karşı denetlenmektedir. Bu yüzden, alışveriş sitelerimizden ilk defa sipariş veren müşterilerin siparişlerinin tedarik ve teslimat aşamasına gelebilmesi için öncelikle finansal ve adres/telefon bilgilerinin doğruluğunun onaylanması gereklidir. Bu bilgilerin kontrolü için gerekirse kredi kartı sahibi müşteri ile veya ilgili banka ile irtibata geçilmektedir.</div><div>Üye olurken verdiğiniz tüm bilgilere sadece siz ulaşabilir ve siz değiştirebilirsiniz. Üye giriş bilgilerinizi güvenli koruduğunuz takdirde başkalarının sizinle ilgili bilgilere ulaşması ve bunları değiştirmesi mümkün değildir. Bu amaçla, üyelik işlemleri sırasında 128 bit SSL güvenlik alanı içinde hareket edilir. Bu sistem kırılması mümkün olmayan bir uluslararası bir şifreleme standardıdır.</div><div>&nbsp;</div><div>Bilgi hattı veya müşteri hizmetleri servisi bulunan ve açık adres ve telefon bilgilerinin belirtildiği İnternet alışveriş siteleri günümüzde daha fazla tercih edilmektedir. Bu sayede aklınıza takılan bütün konular hakkında detaylı bilgi alabilir, online alışveriş hizmeti sağlayan firmanın güvenirliği konusunda daha sağlıklı bilgi edinebilirsiniz.&nbsp;</div><div>&nbsp;</div><div>Not: İnternet alışveriş sitelerinde firmanın açık adresinin ve telefonun yer almasına dikkat edilmesini tavsiye ediyoruz. Alışveriş yapacaksanız alışverişinizi yapmadan ürünü aldığınız mağazanın bütün telefon / adres bilgilerini not edin. Eğer güvenmiyorsanız alışverişten önce telefon ederek teyit edin. Firmamıza ait tüm online alışveriş sitelerimizde firmamıza dair tüm bilgiler ve firma yeri belirtilmiştir.</div><div>&nbsp;</div><div>MAİL ORDER KREDİ KART BİLGİLERİ GÜVENLİĞİ</div><div>&nbsp;</div><div>Kredi kartı mail-order yöntemi ile bize göndereceğiniz kimlik ve kredi kart bilgileriniz firmamız tarafından gizlilik prensibine göre saklanacaktır. Bu bilgiler olası banka ile oluşubilecek kredi kartından para çekim itirazlarına karşı 60 gün süre ile bekletilip daha sonrasında imha edilmektedir. Sipariş ettiğiniz ürünlerin bedeli karşılığında bize göndereceğiniz tarafınızdan onaylı mail-order formu bedeli dışında herhangi bir bedelin kartınızdan çekilmesi halinde doğal olarak bankaya itiraz edebilir ve bu tutarın ödenmesini engelleyebileceğiniz için bir risk oluşturmamaktadır.&nbsp;</div><div>&nbsp;</div><div>&nbsp;</div><div>ÜÇÜNCÜ TARAF WEB SİTELERİ VE UYGULAMALAR</div><div>Mağazamız, &nbsp;web sitesi dâhilinde başka sitelere link verebilir. Firmamız, bu linkler vasıtasıyla erişilen sitelerin gizlilik uygulamaları ve içeriklerine yönelik herhangi bir sorumluluk taşımamaktadır. Firmamıza ait sitede yayınlanan reklamlar, reklamcılık yapan iş ortaklarımız aracılığı ile kullanıcılarımıza dağıtılır. İş bu sözleşmedeki Gizlilik Politikası Prensipleri, sadece Mağazamızın kullanımına ilişkindir, üçüncü taraf web sitelerini kapsamaz.&nbsp;</div><div>&nbsp;</div><div>İSTİSNAİ HALLER</div><div>Aşağıda belirtilen sınırlı hallerde Firmamız, işbu \"Gizlilik Politikası\" hükümleri dışında kullanıcılara ait bilgileri üçüncü kişilere açıklayabilir. Bu durumlar sınırlı sayıda olmak üzere;</div><div>1.Kanun, Kanun Hükmünde Kararname, Yönetmelik v.b. yetkili hukuki otorite tarafından çıkarılan ve yürürlülükte olan hukuk kurallarının getirdiği zorunluluklara uymak;</div><div>2.Mağazamızın kullanıcılarla akdettiği \"Üyelik Sözleşmesi\"\'nin ve diğer sözleşmelerin gereklerini yerine getirmek ve bunları uygulamaya koymak amacıyla;</div><div>3.Yetkili idari ve adli otorite tarafından usulüne göre yürütülen bir araştırma veya soruşturmanın yürütümü amacıyla kullanıcılarla ilgili bilgi talep edilmesi;</div><div>4.Kullanıcıların hakları veya güvenliklerini korumak için bilgi vermenin gerekli olduğu hallerdir.&nbsp;</div><div>&nbsp;</div><div>E-POSTA GÜVENLİĞİ</div><div>Mağazamızın Müşteri Hizmetleri’ne, herhangi bir siparişinizle ilgili olarak göndereceğiniz e-postalarda, asla kredi kartı numaranızı veya şifrelerinizi yazmayınız. E-postalarda yer alan bilgiler üçüncü şahıslar tarafından görülebilir. Firmamız e-postalarınızdan aktarılan bilgilerin güvenliğini hiçbir koşulda garanti edemez.</div><div>&nbsp;</div><div>TARAYICI ÇEREZLERİ&nbsp;</div><div>Firmamız, mağazamızı ziyaret eden kullanıcılar ve kullanıcıların web sitesini kullanımı hakkındaki bilgileri teknik bir iletişim dosyası (Çerez-Cookie) kullanarak elde edebilir. Bahsi geçen teknik iletişim dosyaları, ana bellekte saklanmak üzere bir internet sitesinin kullanıcının tarayıcısına (browser) gönderdiği küçük metin dosyalarıdır. Teknik iletişim dosyası site hakkında durum ve tercihleri saklayarak İnternet\'in kullanımını kolaylaştırır.</div><div>&nbsp;</div><div>Teknik iletişim dosyası, &nbsp;siteyi kaç kişinin ziyaret ettiğini, bir kişinin siteyi hangi amaçla, kaç kez ziyaret ettiğini ve ne kadar sitede kaldıkları hakkında istatistiksel bilgileri elde etmeye ve kullanıcılar için özel tasarlanmış kullanıcı sayfalarından &nbsp;dinamik olarak reklam ve içerik üretilmesine yardımcı olur. Teknik iletişim dosyası, ana bellekte veya e-postanızdan veri veya başkaca herhangi bir kişisel bilgi almak için tasarlanmamıştır. Tarayıcıların pek çoğu başta teknik iletişim dosyasını kabul eder biçimde tasarlanmıştır ancak kullanıcılar dilerse teknik iletişim dosyasının gelmemesi veya teknik iletişim dosyasının gönderildiğinde uyarı verilmesini sağlayacak biçimde ayarları değiştirebilirler.</div><div>&nbsp;</div><div>Firmamız, işbu \"Gizlilik Politikası\" hükümlerini dilediği zaman sitede yayınlamak veya kullanıcılara elektronik posta göndermek veya sitesinde yayınlamak suretiyle değiştirebilir. Gizlilik Politikası hükümleri değiştiği takdirde, yayınlandığı tarihte yürürlük kazanır.</div><div>&nbsp;</div><div>Gizlilik politikamız ile ilgili her türlü soru ve önerileriniz için ……………….. adresine email gönderebilirsiniz. Firmamız’a ait aşağıdaki iletişim bilgilerinden ulaşabilirsiniz.<br></div>'),
(2, 'Bireysel İş Ortaklığı ve Komisyon Sözleşmesi', '<div><div>GİZLİLİK VE GÜVENLİK POLİTİKASI</div><div>Firmamız, çeşitli amaçlarla kişisel veriler toplayabilir. Aşağıda, toplanan kişisel verilerin nasıl ve ne şekilde toplandığı, bu verilerin nasıl ve ne şekilde korunduğu belirtilmiştir.&nbsp;</div><div>&nbsp;</div><div>Üyelik veya Mağazamız üzerindeki çeşitli form ve anketlerin doldurulması suretiyle üyelerin kendileriyle ilgili bir takım kişisel bilgileri (isim-soy isim, firma bilgileri, telefon, adres veya e-posta adresleri gibi) Mağazamız tarafından işin doğası gereği toplanmaktadır.&nbsp;</div><div>&nbsp;</div><div>Firmamız bazı dönemlerde müşterilerine ve üyelerine kampanya bilgileri, yeni ürünler hakkında bilgiler, promosyon teklifleri gönderebilir. Üyelerimiz bu gibi bilgileri alıp almama konusunda her türlü seçimi üye olurken yapabilir, sonrasında üye girişi yaptıktan sonra hesap bilgileri bölümünden bu seçimi değiştirilebilir ya da kendisine gelen bilgilendirme iletisindeki linkle bildirim yapabilir.&nbsp;</div><div>&nbsp;</div><div>Mağazamız üzerinden veya eposta ile gerçekleştirilen onay sürecinde, üyelerimiz tarafından mağazamıza elektronik ortamdan iletilen kişisel bilgiler, Üyelerimiz ile yaptığımız \"Kullanıcı Sözleşmesi\" ile belirlenen amaçlar ve kapsam dışında üçüncü kişilere açıklanmayacaktır.</div><div>&nbsp;</div><div>Sistemle ilgili sorunların tanımlanması ve verilen hizmet ile ilgili çıkabilecek sorunların veya uyuşmazlıkların hızla çözülmesi için, Firmamız, üyelerinin IP adresini kaydetmekte ve bunu kullanmaktadır. IP adresleri, kullanıcıları genel bir şekilde tanımlamak ve kapsamlı demografik bilgi toplamak amacıyla da kullanılabilir.</div><div>&nbsp;</div><div>Firmamız, Üyelik Sözleşmesi ile belirlenen amaçlar ve kapsam dışında da, talep edilen bilgileri kendisi veya işbirliği içinde olduğu kişiler tarafından doğrudan pazarlama yapmak amacıyla kullanabilir. &nbsp;Kişisel bilgiler, gerektiğinde kullanıcıyla temas kurmak için de kullanılabilir. Firmamız tarafından talep edilen bilgiler veya kullanıcı tarafından sağlanan bilgiler veya Mağazamız üzerinden yapılan işlemlerle ilgili bilgiler; Firmamız ve işbirliği içinde olduğu kişiler tarafından, \"Üyelik Sözleşmesi\" ile belirlenen amaçlar ve kapsam dışında da, üyelerimizin kimliği ifşa edilmeden çeşitli istatistiksel değerlendirmeler, veri tabanı oluşturma ve pazar araştırmalarında kullanılabilir.</div><div>&nbsp;</div><div>Firmamız, gizli bilgileri kesinlikle özel ve gizli tutmayı, bunu bir sır saklama yükümü olarak addetmeyi ve gizliliğin sağlanması ve sürdürülmesi, gizli bilginin tamamının veya herhangi bir kısmının kamu alanına girmesini veya yetkisiz kullanımını veya üçüncü bir kişiye ifşasını önlemek için gerekli tüm tedbirleri almayı ve gerekli özeni göstermeyi taahhüt etmektedir.</div><div>&nbsp;</div><div>KREDİ KARTI GÜVENLİĞİ</div><div>&nbsp;</div><div>Firmamız, alışveriş sitelerimizden alışveriş yapan kredi kartı sahiplerinin güvenliğini ilk planda tutmaktadır. Kredi kartı bilgileriniz hiçbir şekilde sistemimizde saklanmamaktadır.</div><div>&nbsp;</div><div>İşlemler sürecine girdiğinizde güvenli bir sitede olduğunuzu anlamak için dikkat etmeniz gereken iki şey vardır. Bunlardan biri tarayıcınızın en alt satırında bulunan bir anahtar ya da kilit simgesidir. Bu güvenli bir internet sayfasında olduğunuzu gösterir ve her türlü bilgileriniz şifrelenerek korunur. Bu bilgiler, ancak satış işlemleri sürecine bağlı olarak ve verdiğiniz talimat istikametinde kullanılır. Alışveriş sırasında kullanılan kredi kartı ile ilgili bilgiler alışveriş sitelerimizden bağımsız olarak 128 bit SSL (Secure Sockets Layer) protokolü ile şifrelenip sorgulanmak üzere ilgili bankaya ulaştırılır. Kartın kullanılabilirliği onaylandığı takdirde alışverişe devam edilir. Kartla ilgili hiçbir bilgi tarafımızdan görüntülenemediğinden ve kaydedilmediğinden, üçüncü şahısların herhangi bir koşulda bu bilgileri ele geçirmesi engellenmiş olur.</div><div>Online olarak kredi kartı ile verilen siparişlerin ödeme/fatura/teslimat adresi bilgilerinin güvenilirliği firmamiz tarafından Kredi Kartları Dolandırıcılığı\'na karşı denetlenmektedir. Bu yüzden, alışveriş sitelerimizden ilk defa sipariş veren müşterilerin siparişlerinin tedarik ve teslimat aşamasına gelebilmesi için öncelikle finansal ve adres/telefon bilgilerinin doğruluğunun onaylanması gereklidir. Bu bilgilerin kontrolü için gerekirse kredi kartı sahibi müşteri ile veya ilgili banka ile irtibata geçilmektedir.</div><div>Üye olurken verdiğiniz tüm bilgilere sadece siz ulaşabilir ve siz değiştirebilirsiniz. Üye giriş bilgilerinizi güvenli koruduğunuz takdirde başkalarının sizinle ilgili bilgilere ulaşması ve bunları değiştirmesi mümkün değildir. Bu amaçla, üyelik işlemleri sırasında 128 bit SSL güvenlik alanı içinde hareket edilir. Bu sistem kırılması mümkün olmayan bir uluslararası bir şifreleme standardıdır.</div><div>&nbsp;</div><div>Bilgi hattı veya müşteri hizmetleri servisi bulunan ve açık adres ve telefon bilgilerinin belirtildiği İnternet alışveriş siteleri günümüzde daha fazla tercih edilmektedir. Bu sayede aklınıza takılan bütün konular hakkında detaylı bilgi alabilir, online alışveriş hizmeti sağlayan firmanın güvenirliği konusunda daha sağlıklı bilgi edinebilirsiniz.&nbsp;</div><div>&nbsp;</div><div>Not: İnternet alışveriş sitelerinde firmanın açık adresinin ve telefonun yer almasına dikkat edilmesini tavsiye ediyoruz. Alışveriş yapacaksanız alışverişinizi yapmadan ürünü aldığınız mağazanın bütün telefon / adres bilgilerini not edin. Eğer güvenmiyorsanız alışverişten önce telefon ederek teyit edin. Firmamıza ait tüm online alışveriş sitelerimizde firmamıza dair tüm bilgiler ve firma yeri belirtilmiştir.</div><div>&nbsp;</div><div>MAİL ORDER KREDİ KART BİLGİLERİ GÜVENLİĞİ</div><div>&nbsp;</div><div>Kredi kartı mail-order yöntemi ile bize göndereceğiniz kimlik ve kredi kart bilgileriniz firmamız tarafından gizlilik prensibine göre saklanacaktır. Bu bilgiler olası banka ile oluşubilecek kredi kartından para çekim itirazlarına karşı 60 gün süre ile bekletilip daha sonrasında imha edilmektedir. Sipariş ettiğiniz ürünlerin bedeli karşılığında bize göndereceğiniz tarafınızdan onaylı mail-order formu bedeli dışında herhangi bir bedelin kartınızdan çekilmesi halinde doğal olarak bankaya itiraz edebilir ve bu tutarın ödenmesini engelleyebileceğiniz için bir risk oluşturmamaktadır.&nbsp;</div><div>&nbsp;</div><div>&nbsp;</div><div>ÜÇÜNCÜ TARAF WEB SİTELERİ VE UYGULAMALAR</div><div>Mağazamız, &nbsp;web sitesi dâhilinde başka sitelere link verebilir. Firmamız, bu linkler vasıtasıyla erişilen sitelerin gizlilik uygulamaları ve içeriklerine yönelik herhangi bir sorumluluk taşımamaktadır. Firmamıza ait sitede yayınlanan reklamlar, reklamcılık yapan iş ortaklarımız aracılığı ile kullanıcılarımıza dağıtılır. İş bu sözleşmedeki Gizlilik Politikası Prensipleri, sadece Mağazamızın kullanımına ilişkindir, üçüncü taraf web sitelerini kapsamaz.&nbsp;</div><div>&nbsp;</div><div>İSTİSNAİ HALLER</div><div>Aşağıda belirtilen sınırlı hallerde Firmamız, işbu \"Gizlilik Politikası\" hükümleri dışında kullanıcılara ait bilgileri üçüncü kişilere açıklayabilir. Bu durumlar sınırlı sayıda olmak üzere;</div><div>1.Kanun, Kanun Hükmünde Kararname, Yönetmelik v.b. yetkili hukuki otorite tarafından çıkarılan ve yürürlülükte olan hukuk kurallarının getirdiği zorunluluklara uymak;</div><div>2.Mağazamızın kullanıcılarla akdettiği \"Üyelik Sözleşmesi\"\'nin ve diğer sözleşmelerin gereklerini yerine getirmek ve bunları uygulamaya koymak amacıyla;</div><div>3.Yetkili idari ve adli otorite tarafından usulüne göre yürütülen bir araştırma veya soruşturmanın yürütümü amacıyla kullanıcılarla ilgili bilgi talep edilmesi;</div><div>4.Kullanıcıların hakları veya güvenliklerini korumak için bilgi vermenin gerekli olduğu hallerdir.&nbsp;</div><div>&nbsp;</div><div>E-POSTA GÜVENLİĞİ</div><div>Mağazamızın Müşteri Hizmetleri’ne, herhangi bir siparişinizle ilgili olarak göndereceğiniz e-postalarda, asla kredi kartı numaranızı veya şifrelerinizi yazmayınız. E-postalarda yer alan bilgiler üçüncü şahıslar tarafından görülebilir. Firmamız e-postalarınızdan aktarılan bilgilerin güvenliğini hiçbir koşulda garanti edemez.</div><div>&nbsp;</div><div>TARAYICI ÇEREZLERİ&nbsp;</div><div>Firmamız, mağazamızı ziyaret eden kullanıcılar ve kullanıcıların web sitesini kullanımı hakkındaki bilgileri teknik bir iletişim dosyası (Çerez-Cookie) kullanarak elde edebilir. Bahsi geçen teknik iletişim dosyaları, ana bellekte saklanmak üzere bir internet sitesinin kullanıcının tarayıcısına (browser) gönderdiği küçük metin dosyalarıdır. Teknik iletişim dosyası site hakkında durum ve tercihleri saklayarak İnternet\'in kullanımını kolaylaştırır.</div><div>&nbsp;</div><div>Teknik iletişim dosyası, &nbsp;siteyi kaç kişinin ziyaret ettiğini, bir kişinin siteyi hangi amaçla, kaç kez ziyaret ettiğini ve ne kadar sitede kaldıkları hakkında istatistiksel bilgileri elde etmeye ve kullanıcılar için özel tasarlanmış kullanıcı sayfalarından &nbsp;dinamik olarak reklam ve içerik üretilmesine yardımcı olur. Teknik iletişim dosyası, ana bellekte veya e-postanızdan veri veya başkaca herhangi bir kişisel bilgi almak için tasarlanmamıştır. Tarayıcıların pek çoğu başta teknik iletişim dosyasını kabul eder biçimde tasarlanmıştır ancak kullanıcılar dilerse teknik iletişim dosyasının gelmemesi veya teknik iletişim dosyasının gönderildiğinde uyarı verilmesini sağlayacak biçimde ayarları değiştirebilirler.</div><div>&nbsp;</div><div>Firmamız, işbu \"Gizlilik Politikası\" hükümlerini dilediği zaman sitede yayınlamak veya kullanıcılara elektronik posta göndermek veya sitesinde yayınlamak suretiyle değiştirebilir. Gizlilik Politikası hükümleri değiştiği takdirde, yayınlandığı tarihte yürürlük kazanır.</div><div>&nbsp;</div><div>Gizlilik politikamız ile ilgili her türlü soru ve önerileriniz için ……………….. adresine email gönderebilirsiniz. Firmamız’a ait aşağıdaki iletişim bilgilerinden ulaşabilirsiniz.</div></div>');

-- --------------------------------------------------------

--
-- Tablo için tablo yapısı `urun`
--

CREATE TABLE `urun` (
  `id` int(11) NOT NULL,
  `baslik` varchar(255) NOT NULL,
  `sef` varchar(255) NOT NULL,
  `kisa_aciklama` text NOT NULL,
  `stok_kodu` varchar(255) NOT NULL,
  `stok` int(11) NOT NULL,
  `marka_id` int(11) NOT NULL,
  `eski_fiyat` varchar(255) NOT NULL,
  `fiyat` varchar(255) NOT NULL,
  `kdv` int(11) NOT NULL,
  `kargo_fiyati` varchar(255) NOT NULL,
  `aciklama` text NOT NULL,
  `magaza_id` int(11) NOT NULL,
  `aktif` tinyint(1) NOT NULL,
  `kampanya_baslangic` varchar(11) NOT NULL,
  `kampanya_bitis` varchar(11) NOT NULL
) ENGINE=MyISAM DEFAULT CHARSET=utf8mb3 COLLATE=utf8mb3_general_ci;

--
-- Tablo döküm verisi `urun`
--

INSERT INTO `urun` (`id`, `baslik`, `sef`, `kisa_aciklama`, `stok_kodu`, `stok`, `marka_id`, `eski_fiyat`, `fiyat`, `kdv`, `kargo_fiyati`, `aciklama`, `magaza_id`, `aktif`, `kampanya_baslangic`, `kampanya_bitis`) VALUES
(1, 'Grundig GDH 80 Y A+ 8 Kg 16 Programlı (Isı Pompalı) Kurutma Makinesi', 'grundig-gdh-80-y-a-8-kg-16-programli-isi-pompali-kurutma-makinesi-1', 'Grundig GDH 80 Y A+ 8 Kg 16 Programlı (Isı Pompalı) Kurutma Makinesi', 'KRQSR115', 120, 4, '9274', '8774', 18, '100', '<h3>Section 1.10.33 of \"de Finibus Bonorum et Malorum\", written by Cicero in 45 BC</h3>\r\n<div>At vero eos et accusamus et iusto odio dignissimos ducimus qui blanditiis praesentium voluptatum deleniti atque corrupti quos dolores et quas molestias excepturi sint occaecati cupiditate non provident, similique sunt in culpa qui officia deserunt mollitia animi, id est laborum et dolorum fuga. Et harum quidem rerum facilis est et expedita distinctio. Nam libero tempore, cum soluta nobis est eligendi optio cumque nihil impedit quo minus id quod maxime placeat facere possimus, omnis voluptas assumenda est, omnis dolor repellendus. Temporibus autem quibusdam et aut officiis debitis aut rerum necessitatibus saepe eveniet ut et voluptates repudiandae sint et molestiae non recusandae. Itaque earum rerum hic tenetur a sapiente delectus, ut aut reiciendis voluptatibus maiores alias consequatur aut perferendis doloribus asperiores repellat.</div>', 0, 1, '', ''),
(2, 'Apple Watch SE 44mm GPS Space Gray Alüminyum Kasa ve Siyah Spor Kordon MYDT2TU/A', 'apple-watch-se-44mm-gps-space-gray-aluminyum-kasa-ve-siyah-spor-kordon-mydt2tu-a-2', 'Apple Watch SE 44mm GPS Space Gray Alüminyum Kasa ve Siyah Spor Kordon MYDT2TU/A', 'KRQSR115', 120, 4, '3573', '3073', 18, '100', '<h3>Section 1.10.33 of \"de Finibus Bonorum et Malorum\", written by Cicero in 45 BC</h3>\r\n<p>At vero eos et accusamus et iusto odio dignissimos ducimus qui blanditiis praesentium voluptatum deleniti atque corrupti quos dolores et quas molestias excepturi sint occaecati cupiditate non provident, similique sunt in culpa qui officia deserunt mollitia animi, id est laborum et dolorum fuga. Et harum quidem rerum facilis est et expedita distinctio. Nam libero tempore, cum soluta nobis est eligendi optio cumque nihil impedit quo minus id quod maxime placeat facere possimus, omnis voluptas assumenda est, omnis dolor repellendus. Temporibus autem quibusdam et aut officiis debitis aut rerum necessitatibus saepe eveniet ut et voluptates repudiandae sint et molestiae non recusandae. Itaque earum rerum hic tenetur a sapiente delectus, ut aut reiciendis voluptatibus maiores alias consequatur aut perferendis doloribus asperiores repellat.</p>', 1, 1, '', ''),
(3, 'Oral-B D100 Şarjlı Diş Fırçası Cross Action Siyah + Pro Onarım Diş Macunu 50 ml', 'oral-b-d100-sarjli-dis-fircasi-cross-action-siyah-pro-onarim-dis-macunu-50-ml-3', 'Oral-B D100 Şarjlı Diş Fırçası Cross Action Siyah + Pro Onarım Diş Macunu 50 ml', 'KRQSR115', 120, 4, '2456', '1956', 18, '100', '<h3>Section 1.10.33 of \"de Finibus Bonorum et Malorum\", written by Cicero in 45 BC</h3>\r\n<p>At vero eos et accusamus et iusto odio dignissimos ducimus qui blanditiis praesentium voluptatum deleniti atque corrupti quos dolores et quas molestias excepturi sint occaecati cupiditate non provident, similique sunt in culpa qui officia deserunt mollitia animi, id est laborum et dolorum fuga. Et harum quidem rerum facilis est et expedita distinctio. Nam libero tempore, cum soluta nobis est eligendi optio cumque nihil impedit quo minus id quod maxime placeat facere possimus, omnis voluptas assumenda est, omnis dolor repellendus. Temporibus autem quibusdam et aut officiis debitis aut rerum necessitatibus saepe eveniet ut et voluptates repudiandae sint et molestiae non recusandae. Itaque earum rerum hic tenetur a sapiente delectus, ut aut reiciendis voluptatibus maiores alias consequatur aut perferendis doloribus asperiores repellat.</p>', 1, 1, '', ''),
(4, 'Philips FC9750/07 PowerPro Max Torbasız Elektrikli Süpürge', 'philips-fc9750-07-powerpro-max-torbasiz-elektrikli-supurge-4', 'Philips FC9750/07 PowerPro Max Torbasız Elektrikli Süpürge', 'KRQSR115', 120, 4, '811', '311', 18, '100', '<h3>Section 1.10.33 of \"de Finibus Bonorum et Malorum\", written by Cicero in 45 BC</h3>\r\n<p>At vero eos et accusamus et iusto odio dignissimos ducimus qui blanditiis praesentium voluptatum deleniti atque corrupti quos dolores et quas molestias excepturi sint occaecati cupiditate non provident, similique sunt in culpa qui officia deserunt mollitia animi, id est laborum et dolorum fuga. Et harum quidem rerum facilis est et expedita distinctio. Nam libero tempore, cum soluta nobis est eligendi optio cumque nihil impedit quo minus id quod maxime placeat facere possimus, omnis voluptas assumenda est, omnis dolor repellendus. Temporibus autem quibusdam et aut officiis debitis aut rerum necessitatibus saepe eveniet ut et voluptates repudiandae sint et molestiae non recusandae. Itaque earum rerum hic tenetur a sapiente delectus, ut aut reiciendis voluptatibus maiores alias consequatur aut perferendis doloribus asperiores repellat.</p>', 1, 1, '1612174260', '1614511320'),
(5, 'Samsung Galaxy S21 5G 128 GB (Samsung Türkiye Garantili)', 'samsung-galaxy-s21-5g-128-gb-samsung-turkiye-garantili-5', 'Samsung Galaxy S21 5G 128 GB (Samsung Türkiye Garantili)', 'KRQSR115', 120, 4, '9111', '8611', 18, '100', '<h3>Section 1.10.33 of \"de Finibus Bonorum et Malorum\", written by Cicero in 45 BC</h3>\r\n<p>At vero eos et accusamus et iusto odio dignissimos ducimus qui blanditiis praesentium voluptatum deleniti atque corrupti quos dolores et quas molestias excepturi sint occaecati cupiditate non provident, similique sunt in culpa qui officia deserunt mollitia animi, id est laborum et dolorum fuga. Et harum quidem rerum facilis est et expedita distinctio. Nam libero tempore, cum soluta nobis est eligendi optio cumque nihil impedit quo minus id quod maxime placeat facere possimus, omnis voluptas assumenda est, omnis dolor repellendus. Temporibus autem quibusdam et aut officiis debitis aut rerum necessitatibus saepe eveniet ut et voluptates repudiandae sint et molestiae non recusandae. Itaque earum rerum hic tenetur a sapiente delectus, ut aut reiciendis voluptatibus maiores alias consequatur aut perferendis doloribus asperiores repellat.</p>', 1, 1, '', ''),
(6, 'Vestel 50U9500 50\'\' 126 Ekran Uydu Alıcılı 4K Ultra HD Smart LED TV', 'vestel-50u9500-50-126-ekran-uydu-alicili-4k-ultra-hd-smart-led-tv-6', 'Vestel 50U9500 50\'\' 126 Ekran Uydu Alıcılı 4K Ultra HD Smart LED TV', 'KRQSR115', 120, 4, '4738', '4238', 18, '100', '<h3>Section 1.10.33 of \"de Finibus Bonorum et Malorum\", written by Cicero in 45 BC</h3>\r\n<p>At vero eos et accusamus et iusto odio dignissimos ducimus qui blanditiis praesentium voluptatum deleniti atque corrupti quos dolores et quas molestias excepturi sint occaecati cupiditate non provident, similique sunt in culpa qui officia deserunt mollitia animi, id est laborum et dolorum fuga. Et harum quidem rerum facilis est et expedita distinctio. Nam libero tempore, cum soluta nobis est eligendi optio cumque nihil impedit quo minus id quod maxime placeat facere possimus, omnis voluptas assumenda est, omnis dolor repellendus. Temporibus autem quibusdam et aut officiis debitis aut rerum necessitatibus saepe eveniet ut et voluptates repudiandae sint et molestiae non recusandae. Itaque earum rerum hic tenetur a sapiente delectus, ut aut reiciendis voluptatibus maiores alias consequatur aut perferendis doloribus asperiores repellat.</p>', 1, 1, '1612174260', '1619608920'),
(7, 'i-Life Zed Air CX3 Intel Core i3 5005U 4GB 256GB SSD Windows 10 Home 15.6\" FHD Taşınabilir Bilgisayar', 'i-life-zed-air-cx3-intel-core-i3-5005u-4gb-256gb-ssd-windows-10-home-15-6-fhd-tasinabilir-bilgisayar-7', 'i-Life Zed Air CX3 Intel Core i3 5005U 4GB 256GB SSD Windows 10 Home 15.6\" FHD Taşınabilir Bilgisayar', 'KRQSR115', 120, 4, '3569', '3069', 18, '100', '<h3>Section 1.10.33 of \"de Finibus Bonorum et Malorum\", written by Cicero in 45 BC</h3>\r\n<p>At vero eos et accusamus et iusto odio dignissimos ducimus qui blanditiis praesentium voluptatum deleniti atque corrupti quos dolores et quas molestias excepturi sint occaecati cupiditate non provident, similique sunt in culpa qui officia deserunt mollitia animi, id est laborum et dolorum fuga. Et harum quidem rerum facilis est et expedita distinctio. Nam libero tempore, cum soluta nobis est eligendi optio cumque nihil impedit quo minus id quod maxime placeat facere possimus, omnis voluptas assumenda est, omnis dolor repellendus. Temporibus autem quibusdam et aut officiis debitis aut rerum necessitatibus saepe eveniet ut et voluptates repudiandae sint et molestiae non recusandae. Itaque earum rerum hic tenetur a sapiente delectus, ut aut reiciendis voluptatibus maiores alias consequatur aut perferendis doloribus asperiores repellat.</p>', 1, 1, '', ''),
(8, 'Hummel Hiker High Kadın Bot 206750-2001', 'hummel-hiker-high-kadin-bot-206750-2001-8', 'Hummel Hiker High Kadın Bot 206750-2001', 'KRQSR115', 120, 4, '3418', '2918', 18, '100', '<h3>Section 1.10.33 of \"de Finibus Bonorum et Malorum\", written by Cicero in 45 BC</h3>\r\n<p>At vero eos et accusamus et iusto odio dignissimos ducimus qui blanditiis praesentium voluptatum deleniti atque corrupti quos dolores et quas molestias excepturi sint occaecati cupiditate non provident, similique sunt in culpa qui officia deserunt mollitia animi, id est laborum et dolorum fuga. Et harum quidem rerum facilis est et expedita distinctio. Nam libero tempore, cum soluta nobis est eligendi optio cumque nihil impedit quo minus id quod maxime placeat facere possimus, omnis voluptas assumenda est, omnis dolor repellendus. Temporibus autem quibusdam et aut officiis debitis aut rerum necessitatibus saepe eveniet ut et voluptates repudiandae sint et molestiae non recusandae. Itaque earum rerum hic tenetur a sapiente delectus, ut aut reiciendis voluptatibus maiores alias consequatur aut perferendis doloribus asperiores repellat.</p>', 1, 1, '', ''),
(9, 'Samsung Galaxy Tab A7 SM-T507 32 GB 10.4\" Tablet', 'samsung-galaxy-tab-a7-sm-t507-32-gb-10-4-tablet-9', 'Samsung Galaxy Tab A7 SM-T507 32 GB 10.4\" Tablet', 'KRQSR115', 120, 4, '2244', '1744', 18, '100', '<h3>Section 1.10.33 of \"de Finibus Bonorum et Malorum\", written by Cicero in 45 BC</h3>\r\n<p>At vero eos et accusamus et iusto odio dignissimos ducimus qui blanditiis praesentium voluptatum deleniti atque corrupti quos dolores et quas molestias excepturi sint occaecati cupiditate non provident, similique sunt in culpa qui officia deserunt mollitia animi, id est laborum et dolorum fuga. Et harum quidem rerum facilis est et expedita distinctio. Nam libero tempore, cum soluta nobis est eligendi optio cumque nihil impedit quo minus id quod maxime placeat facere possimus, omnis voluptas assumenda est, omnis dolor repellendus. Temporibus autem quibusdam et aut officiis debitis aut rerum necessitatibus saepe eveniet ut et voluptates repudiandae sint et molestiae non recusandae. Itaque earum rerum hic tenetur a sapiente delectus, ut aut reiciendis voluptatibus maiores alias consequatur aut perferendis doloribus asperiores repellat.</p>', 1, 1, '', ''),
(10, '360 S7 Vacuum Mop Pro Cleaner Akıllı Robot Süpürge', '360-s7-vacuum-mop-pro-cleaner-akilli-robot-supurge-10', '360 S7 Vacuum Mop Pro Cleaner Akıllı Robot Süpürge', 'KRQSR115', 120, 4, '3371', '2871', 18, '100', '<h3>Section 1.10.33 of \"de Finibus Bonorum et Malorum\", written by Cicero in 45 BC</h3>\r\n<p>At vero eos et accusamus et iusto odio dignissimos ducimus qui blanditiis praesentium voluptatum deleniti atque corrupti quos dolores et quas molestias excepturi sint occaecati cupiditate non provident, similique sunt in culpa qui officia deserunt mollitia animi, id est laborum et dolorum fuga. Et harum quidem rerum facilis est et expedita distinctio. Nam libero tempore, cum soluta nobis est eligendi optio cumque nihil impedit quo minus id quod maxime placeat facere possimus, omnis voluptas assumenda est, omnis dolor repellendus. Temporibus autem quibusdam et aut officiis debitis aut rerum necessitatibus saepe eveniet ut et voluptates repudiandae sint et molestiae non recusandae. Itaque earum rerum hic tenetur a sapiente delectus, ut aut reiciendis voluptatibus maiores alias consequatur aut perferendis doloribus asperiores repellat.</p>', 1, 1, '', ''),
(13, 'Grundig HBS 1010 700W 3’ü 1 Arada El Blender Seti', 'grundig-hbs-1010-700w-3-u-1-arada-el-blender-seti-13', 'Grundig HBS 1010 700W 3’ü 1 Arada El Blender Seti', 'KRQSR115', 3, 6, '3999', '2111', 18, '110', '<h3>Section 1.10.33 of \"de Finibus Bonorum et Malorum\", written by Cicero in 45 BC</h3>\r\n<p>At vero eos et accusamus et iusto odio dignissimos ducimus qui blanditiis praesentium voluptatum deleniti atque corrupti quos dolores et quas molestias excepturi sint occaecati cupiditate non provident, similique sunt in culpa qui officia deserunt mollitia animi, id est laborum et dolorum fuga. Et harum quidem rerum facilis est et expedita distinctio. Nam libero tempore, cum soluta nobis est eligendi optio cumque nihil impedit quo minus id quod maxime placeat facere possimus, omnis voluptas assumenda est, omnis dolor repellendus. Temporibus autem quibusdam et aut officiis debitis aut rerum necessitatibus saepe eveniet ut et voluptates repudiandae sint et molestiae non recusandae. Itaque earum rerum hic tenetur a sapiente delectus, ut aut reiciendis voluptatibus maiores alias consequatur aut perferendis doloribus asperiores repellat.</p>', 1, 0, '', ''),
(11, 'Tefal B3530212 Cook Right 20 cm Kırmızı Tava [ Kırmızı ]', 'tefal-b3530212-cook-right-20-cm-kirmizi-tava-kirmizi-11', 'Tefal B3530212 Cook Right 20 cm Kırmızı Tava [ Kırmızı ]', 'KRQSR115', 120, 4, '6723', '6223', 18, '100', '<h3>Section 1.10.33 of \"de Finibus Bonorum et Malorum\", written by Cicero in 45 BC</h3>\r\n<p>At vero eos et accusamus et iusto odio dignissimos ducimus qui blanditiis praesentium voluptatum deleniti atque corrupti quos dolores et quas molestias excepturi sint occaecati cupiditate non provident, similique sunt in culpa qui officia deserunt mollitia animi, id est laborum et dolorum fuga. Et harum quidem rerum facilis est et expedita distinctio. Nam libero tempore, cum soluta nobis est eligendi optio cumque nihil impedit quo minus id quod maxime placeat facere possimus, omnis voluptas assumenda est, omnis dolor repellendus. Temporibus autem quibusdam et aut officiis debitis aut rerum necessitatibus saepe eveniet ut et voluptates repudiandae sint et molestiae non recusandae. Itaque earum rerum hic tenetur a sapiente delectus, ut aut reiciendis voluptatibus maiores alias consequatur aut perferendis doloribus asperiores repellat.</p>', 1, 1, '', ''),
(12, 'Papetto PA800 Chicago Çift Yönlü Ultra Hafif Bebek Arabası', 'papetto-pa800-chicago-cift-yonlu-ultra-hafif-bebek-arabasi-12', 'Papetto PA800 Chicago Çift Yönlü Ultra Hafif Bebek Arabası', 'KRQSR115', 120, 4, '3265', '2765', 18, '100', '<h3>Section 1.10.33 of \"de Finibus Bonorum et Malorum\", written by Cicero in 45 BC</h3>\r\n<p>At vero eos et accusamus et iusto odio dignissimos ducimus qui blanditiis praesentium voluptatum deleniti atque corrupti quos dolores et quas molestias excepturi sint occaecati cupiditate non provident, similique sunt in culpa qui officia deserunt mollitia animi, id est laborum et dolorum fuga. Et harum quidem rerum facilis est et expedita distinctio. Nam libero tempore, cum soluta nobis est eligendi optio cumque nihil impedit quo minus id quod maxime placeat facere possimus, omnis voluptas assumenda est, omnis dolor repellendus. Temporibus autem quibusdam et aut officiis debitis aut rerum necessitatibus saepe eveniet ut et voluptates repudiandae sint et molestiae non recusandae. Itaque earum rerum hic tenetur a sapiente delectus, ut aut reiciendis voluptatibus maiores alias consequatur aut perferendis doloribus asperiores repellat.</p>', 1, 1, '', '');

-- --------------------------------------------------------

--
-- Tablo için tablo yapısı `urun_img`
--

CREATE TABLE `urun_img` (
  `id` int(11) NOT NULL,
  `urun_id` int(11) NOT NULL,
  `img` varchar(255) NOT NULL
) ENGINE=MyISAM DEFAULT CHARSET=utf8mb3 COLLATE=utf8mb3_general_ci;

--
-- Tablo döküm verisi `urun_img`
--

INSERT INTO `urun_img` (`id`, `urun_id`, `img`) VALUES
(58, 1, '1613393306-602a6d9a1ce33.jpg'),
(57, 1, '1613393305-602a6d99e5bfc.jpg'),
(26, 2, '1613395047-602a7467c6455.jpg'),
(25, 2, '1613395047-602a7467c3cf0.jpg'),
(28, 3, '1613395113-602a74a9532a4.jpg'),
(27, 3, '1613395113-602a74a9532a5.jpg'),
(54, 4, '1613395182-602a74eed01c0.jpg'),
(53, 4, '1613395182-602a74eed07c6.jpg'),
(32, 5, '1613395234-602a7522ef31a.jpg'),
(31, 5, '1613395234-602a7522e4b23.jpg'),
(52, 6, '1613395287-602a75578d532.jpg'),
(51, 6, '1613395287-602a75578eb2c.jpg'),
(36, 7, '1613395340-602a758c1494c.jpg'),
(35, 7, '1613395337-602a7589bef3c.jpg'),
(38, 8, '1613395393-602a75c171721.jpg'),
(37, 8, '1613395393-602a75c158949.jpg'),
(40, 9, '1613395455-602a75ff12aaa.jpg'),
(39, 9, '1613395454-602a75fe5b579.jpg'),
(42, 10, '1613395499-602a762b6c405.jpg'),
(41, 10, '1613395499-602a762b6a93a.jpg'),
(44, 11, '1613395577-602a7679a5cf5.jpg'),
(43, 11, '1613395577-602a7679a58c6.jpg'),
(46, 12, '1613395619-602a76a3975bc.jpg'),
(45, 12, '1613395618-602a76a2e4133.jpg'),
(55, 13, '1613673142-602eb2b6a021d.jpg'),
(56, 13, '1613673147-602eb2bb3b7ee.jpg');

-- --------------------------------------------------------

--
-- Tablo için tablo yapısı `urun_kategori`
--

CREATE TABLE `urun_kategori` (
  `id` int(11) NOT NULL,
  `urun_id` int(11) NOT NULL,
  `kategori_id` int(11) NOT NULL
) ENGINE=MyISAM DEFAULT CHARSET=utf8mb3 COLLATE=utf8mb3_general_ci;

--
-- Tablo döküm verisi `urun_kategori`
--

INSERT INTO `urun_kategori` (`id`, `urun_id`, `kategori_id`) VALUES
(1522, 1, 60),
(1521, 1, 59),
(1520, 1, 58),
(1519, 1, 57),
(1518, 1, 56),
(1517, 1, 55),
(1516, 1, 54),
(1515, 1, 52),
(1514, 1, 51),
(1513, 1, 50),
(1512, 1, 49),
(1511, 1, 48),
(1510, 1, 47),
(1509, 1, 46),
(1508, 1, 45),
(1507, 1, 44),
(1506, 1, 43),
(1505, 1, 41),
(1504, 1, 40),
(1503, 1, 39),
(1502, 1, 38),
(1501, 1, 37),
(1500, 1, 35),
(1499, 1, 34),
(1498, 1, 33),
(1497, 1, 32),
(1496, 1, 31),
(1495, 1, 30),
(1494, 1, 29),
(1493, 1, 28),
(1492, 1, 26),
(1491, 1, 25),
(1490, 1, 24),
(1489, 1, 23),
(1488, 1, 22),
(1487, 1, 21),
(1486, 1, 20),
(1485, 1, 18),
(1484, 1, 17),
(1483, 1, 16),
(1482, 1, 15),
(1481, 1, 14),
(1480, 1, 13),
(1479, 1, 12),
(1478, 1, 11),
(1477, 1, 9),
(1476, 1, 8),
(1475, 1, 7),
(1474, 1, 6),
(1473, 1, 5),
(1472, 1, 4),
(1471, 1, 3),
(1470, 1, 2),
(1469, 1, 1),
(702, 2, 60),
(701, 2, 59),
(700, 2, 58),
(699, 2, 57),
(698, 2, 56),
(697, 2, 55),
(696, 2, 54),
(695, 2, 52),
(694, 2, 51),
(693, 2, 50),
(692, 2, 49),
(691, 2, 48),
(690, 2, 47),
(689, 2, 46),
(688, 2, 45),
(687, 2, 44),
(686, 2, 43),
(685, 2, 41),
(684, 2, 40),
(683, 2, 39),
(682, 2, 38),
(681, 2, 37),
(680, 2, 35),
(679, 2, 34),
(678, 2, 33),
(677, 2, 32),
(676, 2, 31),
(675, 2, 30),
(674, 2, 29),
(673, 2, 28),
(672, 2, 26),
(671, 2, 25),
(670, 2, 24),
(669, 2, 23),
(668, 2, 22),
(667, 2, 21),
(666, 2, 20),
(665, 2, 18),
(664, 2, 17),
(663, 2, 16),
(662, 2, 15),
(661, 2, 14),
(660, 2, 13),
(659, 2, 12),
(658, 2, 11),
(657, 2, 9),
(656, 2, 8),
(655, 2, 7),
(654, 2, 6),
(653, 2, 5),
(652, 2, 4),
(651, 2, 3),
(650, 2, 2),
(649, 2, 1),
(756, 3, 60),
(755, 3, 59),
(754, 3, 58),
(753, 3, 57),
(752, 3, 56),
(751, 3, 55),
(750, 3, 54),
(749, 3, 52),
(748, 3, 51),
(747, 3, 50),
(746, 3, 49),
(745, 3, 48),
(744, 3, 47),
(743, 3, 46),
(742, 3, 45),
(741, 3, 44),
(740, 3, 43),
(739, 3, 41),
(738, 3, 40),
(737, 3, 39),
(736, 3, 38),
(735, 3, 37),
(734, 3, 35),
(733, 3, 34),
(732, 3, 33),
(731, 3, 32),
(730, 3, 31),
(729, 3, 30),
(728, 3, 29),
(727, 3, 28),
(726, 3, 26),
(725, 3, 25),
(724, 3, 24),
(723, 3, 23),
(722, 3, 22),
(721, 3, 21),
(720, 3, 20),
(719, 3, 18),
(718, 3, 17),
(717, 3, 16),
(716, 3, 15),
(715, 3, 14),
(714, 3, 13),
(713, 3, 12),
(712, 3, 11),
(711, 3, 9),
(710, 3, 8),
(709, 3, 7),
(708, 3, 6),
(707, 3, 5),
(706, 3, 4),
(705, 3, 3),
(704, 3, 2),
(703, 3, 1),
(1458, 4, 60),
(1457, 4, 59),
(1456, 4, 58),
(1455, 4, 57),
(1454, 4, 56),
(1453, 4, 55),
(1452, 4, 54),
(1451, 4, 52),
(1450, 4, 51),
(1449, 4, 50),
(1448, 4, 49),
(1447, 4, 48),
(1446, 4, 47),
(1445, 4, 46),
(1444, 4, 45),
(1443, 4, 44),
(1442, 4, 43),
(1441, 4, 41),
(1440, 4, 40),
(1439, 4, 39),
(1438, 4, 38),
(1437, 4, 37),
(1436, 4, 35),
(1435, 4, 34),
(1434, 4, 33),
(1433, 4, 32),
(1432, 4, 31),
(1431, 4, 30),
(1430, 4, 29),
(1429, 4, 28),
(1428, 4, 26),
(1427, 4, 25),
(1426, 4, 24),
(1425, 4, 23),
(1424, 4, 22),
(1423, 4, 21),
(1422, 4, 20),
(1421, 4, 18),
(1420, 4, 17),
(1419, 4, 16),
(1418, 4, 15),
(1417, 4, 14),
(1416, 4, 13),
(1415, 4, 12),
(1414, 4, 11),
(1413, 4, 9),
(1412, 4, 8),
(1411, 4, 7),
(1410, 4, 6),
(1409, 4, 5),
(1408, 4, 4),
(1407, 4, 3),
(1406, 4, 2),
(1405, 4, 1),
(864, 5, 60),
(863, 5, 59),
(862, 5, 58),
(861, 5, 57),
(860, 5, 56),
(859, 5, 55),
(858, 5, 54),
(857, 5, 52),
(856, 5, 51),
(855, 5, 50),
(854, 5, 49),
(853, 5, 48),
(852, 5, 47),
(851, 5, 46),
(850, 5, 45),
(849, 5, 44),
(848, 5, 43),
(847, 5, 41),
(846, 5, 40),
(845, 5, 39),
(844, 5, 38),
(843, 5, 37),
(842, 5, 35),
(841, 5, 34),
(840, 5, 33),
(839, 5, 32),
(838, 5, 31),
(837, 5, 30),
(836, 5, 29),
(835, 5, 28),
(834, 5, 26),
(833, 5, 25),
(832, 5, 24),
(831, 5, 23),
(830, 5, 22),
(829, 5, 21),
(828, 5, 20),
(827, 5, 18),
(826, 5, 17),
(825, 5, 16),
(824, 5, 15),
(823, 5, 14),
(822, 5, 13),
(821, 5, 12),
(820, 5, 11),
(819, 5, 9),
(818, 5, 8),
(817, 5, 7),
(816, 5, 6),
(815, 5, 5),
(814, 5, 4),
(813, 5, 3),
(812, 5, 2),
(811, 5, 1),
(1404, 6, 60),
(1403, 6, 59),
(1402, 6, 58),
(1401, 6, 57),
(1400, 6, 56),
(1399, 6, 55),
(1398, 6, 54),
(1397, 6, 52),
(1396, 6, 51),
(1395, 6, 50),
(1394, 6, 49),
(1393, 6, 48),
(1392, 6, 47),
(1391, 6, 46),
(1390, 6, 45),
(1389, 6, 44),
(1388, 6, 43),
(1387, 6, 41),
(1386, 6, 40),
(1385, 6, 39),
(1384, 6, 38),
(1383, 6, 37),
(1382, 6, 35),
(1381, 6, 34),
(1380, 6, 33),
(1379, 6, 32),
(1378, 6, 31),
(1377, 6, 30),
(1376, 6, 29),
(1375, 6, 28),
(1374, 6, 26),
(1373, 6, 25),
(1372, 6, 24),
(1371, 6, 23),
(1370, 6, 22),
(1369, 6, 21),
(1368, 6, 20),
(1367, 6, 18),
(1366, 6, 17),
(1365, 6, 16),
(1364, 6, 15),
(1363, 6, 14),
(1362, 6, 13),
(1361, 6, 12),
(1360, 6, 11),
(1359, 6, 9),
(1358, 6, 8),
(1357, 6, 7),
(1356, 6, 6),
(1355, 6, 5),
(1354, 6, 4),
(1353, 6, 3),
(1352, 6, 2),
(1351, 6, 1),
(972, 7, 60),
(971, 7, 59),
(970, 7, 58),
(969, 7, 57),
(968, 7, 56),
(967, 7, 55),
(966, 7, 54),
(965, 7, 52),
(964, 7, 51),
(963, 7, 50),
(962, 7, 49),
(961, 7, 48),
(960, 7, 47),
(959, 7, 46),
(958, 7, 45),
(957, 7, 44),
(956, 7, 43),
(955, 7, 41),
(954, 7, 40),
(953, 7, 39),
(952, 7, 38),
(951, 7, 37),
(950, 7, 35),
(949, 7, 34),
(948, 7, 33),
(947, 7, 32),
(946, 7, 31),
(945, 7, 30),
(944, 7, 29),
(943, 7, 28),
(942, 7, 26),
(941, 7, 25),
(940, 7, 24),
(939, 7, 23),
(938, 7, 22),
(937, 7, 21),
(936, 7, 20),
(935, 7, 18),
(934, 7, 17),
(933, 7, 16),
(932, 7, 15),
(931, 7, 14),
(930, 7, 13),
(929, 7, 12),
(928, 7, 11),
(927, 7, 9),
(926, 7, 8),
(925, 7, 7),
(924, 7, 6),
(923, 7, 5),
(922, 7, 4),
(921, 7, 3),
(920, 7, 2),
(919, 7, 1),
(1026, 8, 60),
(1025, 8, 59),
(1024, 8, 58),
(1023, 8, 57),
(1022, 8, 56),
(1021, 8, 55),
(1020, 8, 54),
(1019, 8, 52),
(1018, 8, 51),
(1017, 8, 50),
(1016, 8, 49),
(1015, 8, 48),
(1014, 8, 47),
(1013, 8, 46),
(1012, 8, 45),
(1011, 8, 44),
(1010, 8, 43),
(1009, 8, 41),
(1008, 8, 40),
(1007, 8, 39),
(1006, 8, 38),
(1005, 8, 37),
(1004, 8, 35),
(1003, 8, 34),
(1002, 8, 33),
(1001, 8, 32),
(1000, 8, 31),
(999, 8, 30),
(998, 8, 29),
(997, 8, 28),
(996, 8, 26),
(995, 8, 25),
(994, 8, 24),
(993, 8, 23),
(992, 8, 22),
(991, 8, 21),
(990, 8, 20),
(989, 8, 18),
(988, 8, 17),
(987, 8, 16),
(986, 8, 15),
(985, 8, 14),
(984, 8, 13),
(983, 8, 12),
(982, 8, 11),
(981, 8, 9),
(980, 8, 8),
(979, 8, 7),
(978, 8, 6),
(977, 8, 5),
(976, 8, 4),
(975, 8, 3),
(974, 8, 2),
(973, 8, 1),
(1080, 9, 60),
(1079, 9, 59),
(1078, 9, 58),
(1077, 9, 57),
(1076, 9, 56),
(1075, 9, 55),
(1074, 9, 54),
(1073, 9, 52),
(1072, 9, 51),
(1071, 9, 50),
(1070, 9, 49),
(1069, 9, 48),
(1068, 9, 47),
(1067, 9, 46),
(1066, 9, 45),
(1065, 9, 44),
(1064, 9, 43),
(1063, 9, 41),
(1062, 9, 40),
(1061, 9, 39),
(1060, 9, 38),
(1059, 9, 37),
(1058, 9, 35),
(1057, 9, 34),
(1056, 9, 33),
(1055, 9, 32),
(1054, 9, 31),
(1053, 9, 30),
(1052, 9, 29),
(1051, 9, 28),
(1050, 9, 26),
(1049, 9, 25),
(1048, 9, 24),
(1047, 9, 23),
(1046, 9, 22),
(1045, 9, 21),
(1044, 9, 20),
(1043, 9, 18),
(1042, 9, 17),
(1041, 9, 16),
(1040, 9, 15),
(1039, 9, 14),
(1038, 9, 13),
(1037, 9, 12),
(1036, 9, 11),
(1035, 9, 9),
(1034, 9, 8),
(1033, 9, 7),
(1032, 9, 6),
(1031, 9, 5),
(1030, 9, 4),
(1029, 9, 3),
(1028, 9, 2),
(1027, 9, 1),
(1134, 10, 60),
(1133, 10, 59),
(1132, 10, 58),
(1131, 10, 57),
(1130, 10, 56),
(1129, 10, 55),
(1128, 10, 54),
(1127, 10, 52),
(1126, 10, 51),
(1125, 10, 50),
(1124, 10, 49),
(1123, 10, 48),
(1122, 10, 47),
(1121, 10, 46),
(1120, 10, 45),
(1119, 10, 44),
(1118, 10, 43),
(1117, 10, 41),
(1116, 10, 40),
(1115, 10, 39),
(1114, 10, 38),
(1113, 10, 37),
(1112, 10, 35),
(1111, 10, 34),
(1110, 10, 33),
(1109, 10, 32),
(1108, 10, 31),
(1107, 10, 30),
(1106, 10, 29),
(1105, 10, 28),
(1104, 10, 26),
(1103, 10, 25),
(1102, 10, 24),
(1101, 10, 23),
(1100, 10, 22),
(1099, 10, 21),
(1098, 10, 20),
(1097, 10, 18),
(1096, 10, 17),
(1095, 10, 16),
(1094, 10, 15),
(1093, 10, 14),
(1092, 10, 13),
(1091, 10, 12),
(1090, 10, 11),
(1089, 10, 9),
(1088, 10, 8),
(1087, 10, 7),
(1086, 10, 6),
(1085, 10, 5),
(1084, 10, 4),
(1083, 10, 3),
(1082, 10, 2),
(1081, 10, 1),
(1188, 11, 60),
(1187, 11, 59),
(1186, 11, 58),
(1185, 11, 57),
(1184, 11, 56),
(1183, 11, 55),
(1182, 11, 54),
(1181, 11, 52),
(1180, 11, 51),
(1179, 11, 50),
(1178, 11, 49),
(1177, 11, 48),
(1176, 11, 47),
(1175, 11, 46),
(1174, 11, 45),
(1173, 11, 44),
(1172, 11, 43),
(1171, 11, 41),
(1170, 11, 40),
(1169, 11, 39),
(1168, 11, 38),
(1167, 11, 37),
(1166, 11, 35),
(1165, 11, 34),
(1164, 11, 33),
(1163, 11, 32),
(1162, 11, 31),
(1161, 11, 30),
(1160, 11, 29),
(1159, 11, 28),
(1158, 11, 26),
(1157, 11, 25),
(1156, 11, 24),
(1155, 11, 23),
(1154, 11, 22),
(1153, 11, 21),
(1152, 11, 20),
(1151, 11, 18),
(1150, 11, 17),
(1149, 11, 16),
(1148, 11, 15),
(1147, 11, 14),
(1146, 11, 13),
(1145, 11, 12),
(1144, 11, 11),
(1143, 11, 9),
(1142, 11, 8),
(1141, 11, 7),
(1140, 11, 6),
(1139, 11, 5),
(1138, 11, 4),
(1137, 11, 3),
(1136, 11, 2),
(1135, 11, 1),
(1242, 12, 60),
(1241, 12, 59),
(1240, 12, 58),
(1239, 12, 57),
(1238, 12, 56),
(1237, 12, 55),
(1236, 12, 54),
(1235, 12, 52),
(1234, 12, 51),
(1233, 12, 50),
(1232, 12, 49),
(1231, 12, 48),
(1230, 12, 47),
(1229, 12, 46),
(1228, 12, 45),
(1227, 12, 44),
(1226, 12, 43),
(1225, 12, 41),
(1224, 12, 40),
(1223, 12, 39),
(1222, 12, 38),
(1221, 12, 37),
(1220, 12, 35),
(1219, 12, 34),
(1218, 12, 33),
(1217, 12, 32),
(1216, 12, 31),
(1215, 12, 30),
(1214, 12, 29),
(1213, 12, 28),
(1212, 12, 26),
(1211, 12, 25),
(1210, 12, 24),
(1209, 12, 23),
(1208, 12, 22),
(1207, 12, 21),
(1206, 12, 20),
(1205, 12, 18),
(1204, 12, 17),
(1203, 12, 16),
(1202, 12, 15),
(1201, 12, 14),
(1200, 12, 13),
(1199, 12, 12),
(1198, 12, 11),
(1197, 12, 9),
(1196, 12, 8),
(1195, 12, 7),
(1194, 12, 6),
(1193, 12, 5),
(1192, 12, 4),
(1191, 12, 3),
(1190, 12, 2),
(1189, 12, 1),
(1459, 13, 1),
(1460, 13, 2),
(1461, 13, 3),
(1462, 13, 4),
(1463, 13, 5),
(1464, 13, 8),
(1465, 13, 9),
(1466, 13, 11),
(1467, 13, 13),
(1468, 13, 14);

-- --------------------------------------------------------

--
-- Tablo için tablo yapısı `urun_renk`
--

CREATE TABLE `urun_renk` (
  `id` int(11) NOT NULL,
  `urun_id` int(11) NOT NULL,
  `renk_urun_id` int(11) NOT NULL
) ENGINE=MyISAM DEFAULT CHARSET=utf8mb3 COLLATE=utf8mb3_general_ci;

-- --------------------------------------------------------

--
-- Tablo için tablo yapısı `urun_secenek`
--

CREATE TABLE `urun_secenek` (
  `id` int(11) NOT NULL,
  `urun_id` int(11) NOT NULL,
  `baslik` varchar(255) NOT NULL
) ENGINE=MyISAM DEFAULT CHARSET=utf8mb3 COLLATE=utf8mb3_general_ci;

--
-- Tablo döküm verisi `urun_secenek`
--

INSERT INTO `urun_secenek` (`id`, `urun_id`, `baslik`) VALUES
(28, 1, 'Beden'),
(13, 2, 'Beden'),
(14, 3, 'Beden'),
(27, 4, 'Beden'),
(16, 5, 'Beden'),
(26, 6, 'Beden'),
(18, 7, 'Beden'),
(19, 8, 'Beden'),
(20, 9, 'Beden'),
(21, 10, 'Beden'),
(22, 11, 'Beden'),
(23, 12, 'Beden');

-- --------------------------------------------------------

--
-- Tablo için tablo yapısı `urun_secenek_alt`
--

CREATE TABLE `urun_secenek_alt` (
  `id` int(11) NOT NULL,
  `urun_secenek_id` int(11) NOT NULL,
  `baslik` varchar(255) NOT NULL,
  `stok` int(11) NOT NULL,
  `fiyat` int(11) NOT NULL
) ENGINE=MyISAM DEFAULT CHARSET=utf8mb3 COLLATE=utf8mb3_general_ci;

--
-- Tablo döküm verisi `urun_secenek_alt`
--

INSERT INTO `urun_secenek_alt` (`id`, `urun_secenek_id`, `baslik`, `stok`, `fiyat`) VALUES
(83, 28, 'M', 0, 20),
(82, 28, 'S', 10, 10),
(39, 13, 'XL', 0, 0),
(38, 13, 'M', 10, 0),
(37, 13, 'S', 10, 0),
(42, 14, 'XL', 4, 0),
(41, 14, 'M', 10, 0),
(40, 14, 'S', 10, 0),
(81, 27, 'XL', 10, 0),
(80, 27, 'M', 10, 0),
(79, 27, 'S', 10, 0),
(48, 16, 'XL', 10, 0),
(47, 16, 'M', 10, 0),
(46, 16, 'S', 10, 0),
(78, 26, 'XL', 10, 0),
(77, 26, 'M', 10, 0),
(76, 26, 'S', 10, 0),
(54, 18, 'XL', 10, 0),
(53, 18, 'M', 10, 0),
(52, 18, 'S', 10, 0),
(57, 19, 'XL', 10, 0),
(56, 19, 'M', 10, 0),
(55, 19, 'S', 10, 0),
(60, 20, 'XL', 10, 0),
(59, 20, 'M', 10, 0),
(58, 20, 'S', 10, 0),
(63, 21, 'XL', 10, 0),
(62, 21, 'M', 10, 0),
(61, 21, 'S', 10, 0),
(66, 22, 'XL', 10, 0),
(65, 22, 'M', 10, 0),
(64, 22, 'S', 10, 0),
(69, 23, 'XL', 10, 0),
(68, 23, 'M', 10, 0),
(67, 23, 'S', 10, 0),
(84, 28, 'XL', 10, 30);

-- --------------------------------------------------------

--
-- Tablo için tablo yapısı `urun_yorum`
--

CREATE TABLE `urun_yorum` (
  `id` int(11) NOT NULL,
  `kullanici_id` int(11) NOT NULL,
  `urun_id` int(11) NOT NULL,
  `yorum` text NOT NULL,
  `durum` int(11) NOT NULL,
  `tarih` int(11) NOT NULL
) ENGINE=MyISAM DEFAULT CHARSET=utf8mb3 COLLATE=utf8mb3_general_ci;

--
-- Tablo döküm verisi `urun_yorum`
--

INSERT INTO `urun_yorum` (`id`, `kullanici_id`, `urun_id`, `yorum`, `durum`, `tarih`) VALUES
(1, 1, 1, 'ürünü çok beğendim', 2, 1613789775),
(2, 1, 1, 'kısa sürede kargosu geldi', 1, 1613789860);

--
-- Dökümü yapılmış tablolar için indeksler
--

--
-- Tablo için indeksler `alacak_verecek`
--
ALTER TABLE `alacak_verecek`
  ADD PRIMARY KEY (`id`);

--
-- Tablo için indeksler `alt_slider`
--
ALTER TABLE `alt_slider`
  ADD PRIMARY KEY (`id`);

--
-- Tablo için indeksler `anasayfa_tab_menu`
--
ALTER TABLE `anasayfa_tab_menu`
  ADD PRIMARY KEY (`id`);

--
-- Tablo için indeksler `anasayfa_tab_menu_urun`
--
ALTER TABLE `anasayfa_tab_menu_urun`
  ADD PRIMARY KEY (`id`);

--
-- Tablo için indeksler `anasayfa_vitrin`
--
ALTER TABLE `anasayfa_vitrin`
  ADD PRIMARY KEY (`id`);

--
-- Tablo için indeksler `anasayfa_vitrin_urun`
--
ALTER TABLE `anasayfa_vitrin_urun`
  ADD PRIMARY KEY (`id`);

--
-- Tablo için indeksler `banka_hesaplari`
--
ALTER TABLE `banka_hesaplari`
  ADD PRIMARY KEY (`id`);

--
-- Tablo için indeksler `blog`
--
ALTER TABLE `blog`
  ADD PRIMARY KEY (`id`);

--
-- Tablo için indeksler `doping_fiyat`
--
ALTER TABLE `doping_fiyat`
  ADD PRIMARY KEY (`id`);

--
-- Tablo için indeksler `doping_siparis`
--
ALTER TABLE `doping_siparis`
  ADD PRIMARY KEY (`id`);

--
-- Tablo için indeksler `etiket`
--
ALTER TABLE `etiket`
  ADD PRIMARY KEY (`id`);

--
-- Tablo için indeksler `haftanin_urunleri`
--
ALTER TABLE `haftanin_urunleri`
  ADD PRIMARY KEY (`id`);

--
-- Tablo için indeksler `iade_kosullari`
--
ALTER TABLE `iade_kosullari`
  ADD PRIMARY KEY (`id`);

--
-- Tablo için indeksler `kampanya`
--
ALTER TABLE `kampanya`
  ADD PRIMARY KEY (`id`);

--
-- Tablo için indeksler `kategori`
--
ALTER TABLE `kategori`
  ADD PRIMARY KEY (`id`);

--
-- Tablo için indeksler `magaza_kategori`
--
ALTER TABLE `magaza_kategori`
  ADD PRIMARY KEY (`id`);

--
-- Tablo için indeksler `magaza_odemeleri`
--
ALTER TABLE `magaza_odemeleri`
  ADD PRIMARY KEY (`id`);

--
-- Tablo için indeksler `magaza_sorulari`
--
ALTER TABLE `magaza_sorulari`
  ADD PRIMARY KEY (`id`);

--
-- Tablo için indeksler `magaza_sorulari_cevap`
--
ALTER TABLE `magaza_sorulari_cevap`
  ADD PRIMARY KEY (`id`);

--
-- Tablo için indeksler `magaza_yonetici_mesaj`
--
ALTER TABLE `magaza_yonetici_mesaj`
  ADD PRIMARY KEY (`id`);

--
-- Tablo için indeksler `magaza_yonetici_mesaj_cevap`
--
ALTER TABLE `magaza_yonetici_mesaj_cevap`
  ADD PRIMARY KEY (`id`);

--
-- Tablo için indeksler `marka`
--
ALTER TABLE `marka`
  ADD PRIMARY KEY (`id`);

--
-- Tablo için indeksler `odeme_yontemleri`
--
ALTER TABLE `odeme_yontemleri`
  ADD PRIMARY KEY (`id`);

--
-- Tablo için indeksler `populer_urunler`
--
ALTER TABLE `populer_urunler`
  ADD PRIMARY KEY (`id`);

--
-- Tablo için indeksler `sayfa`
--
ALTER TABLE `sayfa`
  ADD PRIMARY KEY (`id`);

--
-- Tablo için indeksler `siparis`
--
ALTER TABLE `siparis`
  ADD PRIMARY KEY (`id`);

--
-- Tablo için indeksler `siparis_urun`
--
ALTER TABLE `siparis_urun`
  ADD PRIMARY KEY (`id`);

--
-- Tablo için indeksler `site_ayarlari`
--
ALTER TABLE `site_ayarlari`
  ADD PRIMARY KEY (`id`);

--
-- Tablo için indeksler `slider`
--
ALTER TABLE `slider`
  ADD PRIMARY KEY (`id`);

--
-- Tablo için indeksler `sozlesme`
--
ALTER TABLE `sozlesme`
  ADD PRIMARY KEY (`id`);

--
-- Tablo için indeksler `urun`
--
ALTER TABLE `urun`
  ADD PRIMARY KEY (`id`);

--
-- Tablo için indeksler `urun_img`
--
ALTER TABLE `urun_img`
  ADD PRIMARY KEY (`id`);

--
-- Tablo için indeksler `urun_kategori`
--
ALTER TABLE `urun_kategori`
  ADD PRIMARY KEY (`id`);

--
-- Tablo için indeksler `urun_renk`
--
ALTER TABLE `urun_renk`
  ADD PRIMARY KEY (`id`);

--
-- Tablo için indeksler `urun_secenek`
--
ALTER TABLE `urun_secenek`
  ADD PRIMARY KEY (`id`);

--
-- Tablo için indeksler `urun_secenek_alt`
--
ALTER TABLE `urun_secenek_alt`
  ADD PRIMARY KEY (`id`);

--
-- Tablo için indeksler `urun_yorum`
--
ALTER TABLE `urun_yorum`
  ADD PRIMARY KEY (`id`);

--
-- Dökümü yapılmış tablolar için AUTO_INCREMENT değeri
--

--
-- Tablo için AUTO_INCREMENT değeri `alacak_verecek`
--
ALTER TABLE `alacak_verecek`
  MODIFY `id` int(11) NOT NULL AUTO_INCREMENT, AUTO_INCREMENT=3;

--
-- Tablo için AUTO_INCREMENT değeri `alt_slider`
--
ALTER TABLE `alt_slider`
  MODIFY `id` int(11) NOT NULL AUTO_INCREMENT, AUTO_INCREMENT=3;

--
-- Tablo için AUTO_INCREMENT değeri `anasayfa_tab_menu`
--
ALTER TABLE `anasayfa_tab_menu`
  MODIFY `id` int(11) NOT NULL AUTO_INCREMENT, AUTO_INCREMENT=6;

--
-- Tablo için AUTO_INCREMENT değeri `anasayfa_tab_menu_urun`
--
ALTER TABLE `anasayfa_tab_menu_urun`
  MODIFY `id` int(11) NOT NULL AUTO_INCREMENT, AUTO_INCREMENT=39;

--
-- Tablo için AUTO_INCREMENT değeri `anasayfa_vitrin`
--
ALTER TABLE `anasayfa_vitrin`
  MODIFY `id` int(11) NOT NULL AUTO_INCREMENT, AUTO_INCREMENT=2;

--
-- Tablo için AUTO_INCREMENT değeri `anasayfa_vitrin_urun`
--
ALTER TABLE `anasayfa_vitrin_urun`
  MODIFY `id` int(11) NOT NULL AUTO_INCREMENT, AUTO_INCREMENT=11;

--
-- Tablo için AUTO_INCREMENT değeri `banka_hesaplari`
--
ALTER TABLE `banka_hesaplari`
  MODIFY `id` int(11) NOT NULL AUTO_INCREMENT, AUTO_INCREMENT=3;

--
-- Tablo için AUTO_INCREMENT değeri `blog`
--
ALTER TABLE `blog`
  MODIFY `id` int(11) NOT NULL AUTO_INCREMENT, AUTO_INCREMENT=4;

--
-- Tablo için AUTO_INCREMENT değeri `doping_fiyat`
--
ALTER TABLE `doping_fiyat`
  MODIFY `id` int(11) NOT NULL AUTO_INCREMENT, AUTO_INCREMENT=2;

--
-- Tablo için AUTO_INCREMENT değeri `doping_siparis`
--
ALTER TABLE `doping_siparis`
  MODIFY `id` int(11) NOT NULL AUTO_INCREMENT, AUTO_INCREMENT=4;

--
-- Tablo için AUTO_INCREMENT değeri `etiket`
--
ALTER TABLE `etiket`
  MODIFY `id` int(11) NOT NULL AUTO_INCREMENT, AUTO_INCREMENT=37;

--
-- Tablo için AUTO_INCREMENT değeri `haftanin_urunleri`
--
ALTER TABLE `haftanin_urunleri`
  MODIFY `id` int(11) NOT NULL AUTO_INCREMENT, AUTO_INCREMENT=9;

--
-- Tablo için AUTO_INCREMENT değeri `iade_kosullari`
--
ALTER TABLE `iade_kosullari`
  MODIFY `id` int(11) NOT NULL AUTO_INCREMENT, AUTO_INCREMENT=2;

--
-- Tablo için AUTO_INCREMENT değeri `kampanya`
--
ALTER TABLE `kampanya`
  MODIFY `id` int(11) NOT NULL AUTO_INCREMENT, AUTO_INCREMENT=9;

--
-- Tablo için AUTO_INCREMENT değeri `kategori`
--
ALTER TABLE `kategori`
  MODIFY `id` int(11) NOT NULL AUTO_INCREMENT, AUTO_INCREMENT=61;

--
-- Tablo için AUTO_INCREMENT değeri `magaza_kategori`
--
ALTER TABLE `magaza_kategori`
  MODIFY `id` int(11) NOT NULL AUTO_INCREMENT, AUTO_INCREMENT=66;

--
-- Tablo için AUTO_INCREMENT değeri `magaza_odemeleri`
--
ALTER TABLE `magaza_odemeleri`
  MODIFY `id` int(11) NOT NULL AUTO_INCREMENT, AUTO_INCREMENT=2;

--
-- Tablo için AUTO_INCREMENT değeri `magaza_sorulari`
--
ALTER TABLE `magaza_sorulari`
  MODIFY `id` int(11) NOT NULL AUTO_INCREMENT, AUTO_INCREMENT=3;

--
-- Tablo için AUTO_INCREMENT değeri `magaza_sorulari_cevap`
--
ALTER TABLE `magaza_sorulari_cevap`
  MODIFY `id` int(11) NOT NULL AUTO_INCREMENT, AUTO_INCREMENT=4;

--
-- Tablo için AUTO_INCREMENT değeri `magaza_yonetici_mesaj`
--
ALTER TABLE `magaza_yonetici_mesaj`
  MODIFY `id` int(11) NOT NULL AUTO_INCREMENT, AUTO_INCREMENT=2;

--
-- Tablo için AUTO_INCREMENT değeri `magaza_yonetici_mesaj_cevap`
--
ALTER TABLE `magaza_yonetici_mesaj_cevap`
  MODIFY `id` int(11) NOT NULL AUTO_INCREMENT, AUTO_INCREMENT=4;

--
-- Tablo için AUTO_INCREMENT değeri `marka`
--
ALTER TABLE `marka`
  MODIFY `id` int(11) NOT NULL AUTO_INCREMENT, AUTO_INCREMENT=9;

--
-- Tablo için AUTO_INCREMENT değeri `odeme_yontemleri`
--
ALTER TABLE `odeme_yontemleri`
  MODIFY `id` int(11) NOT NULL AUTO_INCREMENT, AUTO_INCREMENT=2;

--
-- Tablo için AUTO_INCREMENT değeri `populer_urunler`
--
ALTER TABLE `populer_urunler`
  MODIFY `id` int(11) NOT NULL AUTO_INCREMENT, AUTO_INCREMENT=9;

--
-- Tablo için AUTO_INCREMENT değeri `sayfa`
--
ALTER TABLE `sayfa`
  MODIFY `id` int(11) NOT NULL AUTO_INCREMENT, AUTO_INCREMENT=8;

--
-- Tablo için AUTO_INCREMENT değeri `siparis`
--
ALTER TABLE `siparis`
  MODIFY `id` int(11) NOT NULL AUTO_INCREMENT, AUTO_INCREMENT=11;

--
-- Tablo için AUTO_INCREMENT değeri `siparis_urun`
--
ALTER TABLE `siparis_urun`
  MODIFY `id` int(11) NOT NULL AUTO_INCREMENT, AUTO_INCREMENT=15;

--
-- Tablo için AUTO_INCREMENT değeri `site_ayarlari`
--
ALTER TABLE `site_ayarlari`
  MODIFY `id` int(11) NOT NULL AUTO_INCREMENT, AUTO_INCREMENT=2;

--
-- Tablo için AUTO_INCREMENT değeri `slider`
--
ALTER TABLE `slider`
  MODIFY `id` int(11) NOT NULL AUTO_INCREMENT, AUTO_INCREMENT=6;

--
-- Tablo için AUTO_INCREMENT değeri `sozlesme`
--
ALTER TABLE `sozlesme`
  MODIFY `id` int(11) NOT NULL AUTO_INCREMENT, AUTO_INCREMENT=3;

--
-- Tablo için AUTO_INCREMENT değeri `urun`
--
ALTER TABLE `urun`
  MODIFY `id` int(11) NOT NULL AUTO_INCREMENT, AUTO_INCREMENT=14;

--
-- Tablo için AUTO_INCREMENT değeri `urun_img`
--
ALTER TABLE `urun_img`
  MODIFY `id` int(11) NOT NULL AUTO_INCREMENT, AUTO_INCREMENT=59;

--
-- Tablo için AUTO_INCREMENT değeri `urun_kategori`
--
ALTER TABLE `urun_kategori`
  MODIFY `id` int(11) NOT NULL AUTO_INCREMENT, AUTO_INCREMENT=1523;

--
-- Tablo için AUTO_INCREMENT değeri `urun_renk`
--
ALTER TABLE `urun_renk`
  MODIFY `id` int(11) NOT NULL AUTO_INCREMENT;

--
-- Tablo için AUTO_INCREMENT değeri `urun_secenek`
--
ALTER TABLE `urun_secenek`
  MODIFY `id` int(11) NOT NULL AUTO_INCREMENT, AUTO_INCREMENT=29;

--
-- Tablo için AUTO_INCREMENT değeri `urun_secenek_alt`
--
ALTER TABLE `urun_secenek_alt`
  MODIFY `id` int(11) NOT NULL AUTO_INCREMENT, AUTO_INCREMENT=85;

--
-- Tablo için AUTO_INCREMENT değeri `urun_yorum`
--
ALTER TABLE `urun_yorum`
  MODIFY `id` int(11) NOT NULL AUTO_INCREMENT, AUTO_INCREMENT=3;
COMMIT;

